{"id":542,"date":"2019-05-06T22:26:09","date_gmt":"2019-05-07T03:26:09","guid":{"rendered":"https:\/\/www.sadeora.com\/sky_dome\/the-future-planet\/?page_id=542"},"modified":"2024-08-29T04:15:40","modified_gmt":"2024-08-29T09:15:40","slug":"denmark","status":"publish","type":"page","link":"https:\/\/www.sadeora.com\/sky_dome\/the-future-planet\/felicitation-centers\/denmark\/","title":{"rendered":"Denmark"},"content":{"rendered":"\n<p><\/p>\n\n\n\n<p><strong>Der er et yndigt land<\/strong><\/p>\n\n\n\n\n\n<figure class=\"wp-block-audio\"><audio controls src=\"https:\/\/www.sadeora.com\/sky_dome\/the-future-planet\/wp-content\/uploads\/2024\/08\/United_States_Navy_Band_-_Der_er_et_yndigt_land.ogg\"><\/audio><\/figure>\n\n\n\n<p><\/p>\n\n\n\n<p><\/p>\n\n\n\n<figure class=\"wp-block-table\"><table class=\"has-fixed-layout\"><tbody><tr><th>Danish original<sup><a href=\"https:\/\/en.wikipedia.org\/wiki\/Der_er_et_yndigt_land#cite_note-name-3\">[3]<\/a><\/sup><sup><a href=\"https:\/\/en.wikipedia.org\/wiki\/Der_er_et_yndigt_land#cite_note-dk-4\">[4]<\/a><\/sup><\/th><th><a href=\"https:\/\/en.wikipedia.org\/wiki\/International_Phonetic_Alphabet\">IPA<\/a>&nbsp;transcription<sup><a href=\"https:\/\/en.wikipedia.org\/wiki\/Der_er_et_yndigt_land#cite_note-5\">[a]<\/a><\/sup><\/th><th>Literal English translation<\/th><th>Metrical English translation<sup>[<em><a href=\"https:\/\/en.wikipedia.org\/wiki\/Wikipedia:Citation_needed\">citation needed<\/a><\/em>]<\/sup><\/th><\/tr><tr><td><strong>I<\/strong><br>Der er et yndigt land,<br>Det st\u00e5r med brede b\u00f8ge<br>\ud834\udd06 N\u00e6r salten \u00f8sterstrand. \ud834\udd07<br>Det bugter sig i bakke, dal,<br>Det hedder gamle Danmark<br>\ud834\udd06 Og det er Frejas sal. \ud834\udd07<br><br><strong>II<\/strong><br>Der sad i fordums tid<br>De harniskkl\u00e6dte k\u00e6mper,<br>\ud834\udd06 Udhvilede fra strid. \ud834\udd07<br>S\u00e5 drog de frem til fjenders m\u00e9n,<br>Nu hvile deres bene<br>\ud834\udd06 Bag h\u00f8jens bautasten. \ud834\udd07<br><br><strong>III<\/strong><br>Det land endnu er sk\u00f8nt,<br>Thi bl\u00e5 sig s\u00f8en b\u00e6lter,<br>\ud834\udd06 Og l\u00f8vet st\u00e5r s\u00e5 gr\u00f8nt. \ud834\udd07<br>Og \u00e6dle kvinder, sk\u00f8nne m\u00f8er<br>Og m\u00e6nd og raske svende<br>\ud834\udd06 Bebo de danskes \u00f8er. \ud834\udd07<br><br><strong>IV<\/strong><br>Hil drot og f\u00e6dreland!<br>Hil hver en danneborger,<br>\ud834\udd06 Som virker, hvad han kan! \ud834\udd07<br>Vort gamle Danmark skal best\u00e5,<br>S\u00e5 l\u00e6nge b\u00f8gen spejler<br>\ud834\udd06 Sin top i b\u00f8lgen bl\u00e5. \ud834\udd07<\/td><td><strong>1<\/strong><br>[t\u025b\u0250\u032f \u025b\u0250\u032f e\u031dt \u02c8\u00f8n.tit l\u00e6n\u02c0]<br>[te\u031d \u02c8st\u0252\u02c0 me\u00f0 \u02c8p\u0281e\u02d0.\u00f0\u0259 \u02c8p\u00f8\u02d0.j\u0259]<br>\ud834\udd06 [n\u025b\u0250\u032f\u02c0 \u02c8s\u00e6l.t\u0259n \u02c8\u00f8s.t\u0250.\u02ccst\u0281\u0251n\u02c0] \ud834\udd07<br>[te\u031d \u02c8p\u0254k.t\u0250 s\u0251j i \u02c8p\u0251.k\u0259 t\u025b\u02c0l]<br>[te\u031d \u02c8he\u031d.\u00f0\u02c0\u0250 \u02c8k\u0251m.l\u0259 \u02c8t\u00e6n.m\u0251k]<br>\ud834\udd06 [\u028c te\u031d \u025b\u0250\u032f \u02c8f\u0281\u0251.j\u00e6s s\u025b\u02c0l] \ud834\udd07<br><br><strong>2<\/strong><br>[t\u025b\u0250\u032f s\u00e6\u00f0\u02c0 i \u02c8f\u0252\u02d0.t\u0254ms ts\u02b0i\u00f0\u02c0]<br>[ti \u02c8h\u0251\u02d0.nisk.\u02cck\u02b0le\u02c0.t\u0259 \u02c8k\u02b0em.p\u0250]<br>\ud834\udd06 [\u02c8u\u00f0.\u02ccvi\u02c0.l\u0259.\u00f0\u0259 f\u0281\u0251 st\u0281i\u00f0\u02c0] \ud834\udd07<br>[s\u028c t\u0281o\u02c0 ti f\u0281\u00e6m\u02c0 ts\u02b0e\u031dl \u02c8fje.n\u0250s me\u031d\u02c0n]<br>[nu \u02c8vi\u02d0.l\u0259 \u02c8t\u025b\u0250\u032f.\u0250s \u02c8pe\u031d\u02d0.n\u0259]<br>\ud834\udd06 [p\u025b\u02c0j \u02c8h\u028c.j\u0259ns \u02c8p\u0251w.t\u00e6.\u02ccste\u031d\u02c0n] \ud834\udd07<br><br><strong>3<\/strong><br>[te\u031d l\u00e6n\u02c0 e.\u02c8nu \u025b\u0250\u032f sk\u0153n\u02c0t]<br>[ts\u02b0i pl\u0254\u02c0 s\u0251j s\u00f8\u02c0.j\u0259n \u02c8pel.t\u0250]<br>\ud834\udd06 [\u028c(w) \u02c8l\u00f8\u02c0.v\u0259\u00f0 st\u0252\u02c0 s\u028c k\u0281\u0276n\u02c0t] \ud834\udd07<br>[\u028c(w) \u02c8\u025b\u02c0\u00f0.l\u0259 \u02c8kve\u031d.n\u0250 sk\u0153.n\u0259 m\u00f8\u02c0\u0250]<br>[\u028c(w) men\u02c0 \u028c(w) \u02c8\u0281\u0251s.k\u0259 \u02c8sve.n\u0259]<br>\ud834\udd06 [pe\u031d.\u02c8po\u02c0 ti \u02c8t\u00e6ns.k\u0259s \u00f8\u02c0\u0250] \ud834\udd07<br><br><strong>4<\/strong><br>[hil\u02c0 t\u0281\u028ct \u028c(w) \u02c8fe\u00f0.\u0281\u0250.\u02ccl\u00e6n\u02c0]<br>[hil\u02c0 v\u025b\u0250\u032f\u02c0 e\u031dn \u02c8t\u00e6.n\u0259.\u02ccp\u0252\u02d0.w\u0250]<br>\ud834\udd06 [s\u028cm \u02c8vi\u0250\u032f.k\u0250 v\u00e6\u00f0 h\u00e6n k\u02b0\u00e6n\u02c0] \ud834\udd07<br>[v\u0252\u02d0t \u02c8k\u0251m.l\u0259 \u02c8t\u00e6n.m\u0251k \u02c8sk\u00e6l pe\u031d.\u02c8st\u0254\u02c0]<br>[s\u028c \u02c8le.\u014b\u0259 \u02c8p\u00f8\u02d0.j\u0259n \u02c8sp\u0251j.l\u0250]<br>\ud834\udd06 [sin ts\u02b0\u028cp i \u02c8p\u00f8l.j\u0259n pl\u0254\u02c0] \ud834\udd07<\/td><td><strong>I<\/strong><br>There is a lovely country<br>it stands with broad beech-trees,<br>\ud834\udd06 near the salty eastern shore \ud834\udd07<br>It bends itself in hills and valleys,<br>its name is old Denmark<br>\ud834\udd06 and it is&nbsp;<a href=\"https:\/\/en.wikipedia.org\/wiki\/Freyja\">Freya<\/a>&#8216;s hall. \ud834\udd07<br><br><strong>II<\/strong><br>There sat in former times,<br>the armour-suited warriors,<br>\ud834\udd06 rested from conflict. \ud834\udd07<br>Then they went forward to the enemies&#8217; injury,<br>now resting are their bones<br>\ud834\udd06 behind the mound&#8217;s&nbsp;<a href=\"https:\/\/en.wikipedia.org\/wiki\/Menhir\">menhir<\/a>. \ud834\udd07<br><br><strong>III<\/strong><br>That country is still lovely,<br>because the sea waves so blue frolic,<br>\ud834\udd06 and the foliage stands so green \ud834\udd07<br>And noble women, beautiful maidens,<br>and men and brisk swains<br>\ud834\udd06 inhabit the Danes&#8217; islands. \ud834\udd07<br><br><strong>IV<\/strong><br>Hail king and fatherland!<br>Hail every honourable citizen,<br>\ud834\udd06 who works, what he can \ud834\udd07<br>Our old Denmark shall endure,<br>as long as the beech-tree mirrors<br>\ud834\udd06 its top in the blue wave! \ud834\udd07<\/td><td><strong>I<\/strong><br>There is a land we love<br>with shady beech-trees aspread<br>\ud834\udd06 The briny shores above. \ud834\udd07<br>Its hills and valleys gently fall,<br>&#8216;Tis the name of ol&#8217; Denmark,<br>\ud834\udd06 &#8216;Tis good ol&#8217; Freya&#8217;s hall. \ud834\udd07<br><br><strong>II<\/strong><br>There in the days of yore<br>Sat armoured giants rested<br>\ud834\udd06 &#8216;Tween their frays of gore \ud834\udd07<br>Then they went forth the foe to face,<br>Now found in stone-set barrows,<br>\ud834\udd06 Their final resting place. \ud834\udd07<br><br><strong>III<\/strong><br>This land is still as fair,<br>The sea is blue around it,<br>\ud834\udd06 And peace is cherished there. \ud834\udd07<br>Strong men and noble women still<br>Uphold their country&#8217;s honour<br>\ud834\udd06 With faithfulness and skill. \ud834\udd07<br><br><strong>IV<\/strong><br>Hail king and fatherland!<br>Hail citizens of honour,<br>\ud834\udd06 Who do the best they can. \ud834\udd07<br>Our ancient Denmark shall remain,<br>As long as beech tops mirror<br>\ud834\udd06 In waves of blue their chain! \ud834\udd07<\/td><\/tr><\/tbody><\/table><\/figure>\n\n\n\n<p><\/p>\n\n\n\n<p><strong>Kong Christian stod ved h\u00f8jen mast<\/strong><\/p>\n\n\n\n<figure class=\"wp-block-audio\"><audio controls src=\"https:\/\/www.sadeora.com\/sky_dome\/the-future-planet\/wp-content\/uploads\/2024\/08\/United_States_Navy_Band_-_Kong_Kristian_stod_ved_hojen_mast.ogg\"><\/audio><\/figure>\n\n\n\n<p><\/p>\n\n\n\n<figure class=\"wp-block-table\"><table class=\"has-fixed-layout\"><tbody><tr><th>Danish original<\/th><th><a href=\"https:\/\/en.wikipedia.org\/wiki\/International_Phonetic_Alphabet\">IPA<\/a>&nbsp;transcription<sup><a href=\"https:\/\/en.wikipedia.org\/wiki\/Kong_Christian_stod_ved_h%C3%B8jen_mast#cite_note-7\">[a]<\/a><\/sup><\/th><th>English translation<br>(by&nbsp;<a href=\"https:\/\/en.wikipedia.org\/wiki\/Henry_Wadsworth_Longfellow\">Henry Wadsworth Longfellow<\/a>)<\/th><\/tr><tr><td><strong>I<\/strong><br><a href=\"https:\/\/en.wikipedia.org\/wiki\/Christian_IV_of_Denmark\">Kong Christian<\/a>&nbsp;stod ved h\u00f8jen mast<br>i r\u00f8g og damp;<br>hans v\u00e6rge hamrede s\u00e5 fast,<br>at gotens hjelm og hjerne brast.<br>Da sank hvert fjendtligt spejl og mast<br>i r\u00f8g og damp.<br>Fly, skreg de, fly, hvad flygte kan!<br>hvo st\u00e5r for Danmarks Christian<br>hvo st\u00e5r for Danmarks Christian<br>i kamp?<br><br><strong>II<\/strong><br><a href=\"https:\/\/en.wikipedia.org\/wiki\/Niels_Juel\">Niels Juel<\/a>&nbsp;gav agt p\u00e5 stormens brag.<br>Nu er det tid.<br>Han hejsede det r\u00f8de flag<br>og slog p\u00e5 fjenden slag i slag.<br>Da skreg de h\u00f8jt blandt stormens brag:<br>Nu er det tid!<br>Fly, skreg de, hver, som v\u00e9d et skjul!<br>hvo kan best\u00e5 mod Danmarks Juel<br>hvo kan best\u00e5 mod Danmarks Juel<br>i strid?<br><br><strong>III<\/strong><br>O,&nbsp;<a href=\"https:\/\/en.wikipedia.org\/wiki\/North_Sea\">Nordhav<\/a>! Glimt af&nbsp;<a href=\"https:\/\/en.wikipedia.org\/wiki\/Peder_Tordenskjold\">Wessel<\/a>&nbsp;br\u00f8d<br>din m\u00f8rke sky.<br>Da ty&#8217;de k\u00e6mper til dit sk\u00f8d;<br>thi med ham lynte skr\u00e6k og d\u00f8d.<br>Fra valen h\u00f8rtes vr\u00e5l, som br\u00f8d<br>den tykke sky.<br>Fra Danmark lyner Tordenskjold;<br>hver give sig i himlens vold<br>hver give sig i himlens vold<br>og fly!<br><br><strong>IV<\/strong><br>Du danskes vej til ros og magt,<br>sortladne hav!<br>Modtag din ven, som uforsagt<br>t\u00f8r m\u00f8de faren med foragt<br>s\u00e5 stolt som du mod stormens magt,<br>sortladne hav!<br>Og rask igennem larm og spil<br>og kamp og sejr f\u00f8r mig til<br>og kamp og sejr f\u00f8r mig til<br>min grav!<\/td><td><strong>I<\/strong><br>[k\u02b0\u0254\u014b \u02c8k\u02b0\u0281es.tj\u00e6n sto\u00f0\u02c0 \u028be\u00f0 \u02c8h\u0254.j\u0259n m\u00e6st]<br>[i \u0281\u0254j\u02c0 \u0252(w) d\u0325\u0251m\u02c0p]<br>[h\u00e6ns \u02c8\u028b\u025b\u0250\u032f.w\u0259 \u02c8h\u0251m.(\u0281)\u0250.\u00f0\u0259 s\u0254 f\u00e6st]<br>[\u00e6t \u02c8\u0261\u030ao\u02c0.t\u02e2\u0259ns j\u025bl\u02c0m \u0252(w) \u02c8j\u025b\u0250\u032f.n\u0259 b\u0325\u0281\u00e6st]<br>[d\u0325\u00e6 s\u0251\u014b\u02c0k \u028b\u025b\u0250\u032f\u02c0t \u02c8fjend\u0325.lit sp\u0251j\u02c0l \u0252(w) m\u00e6st]<br>[i \u0281\u0254j\u02c0 \u0252(w) d\u0325\u0251m\u02c0p]<br>[fly\u02c0 sk\u0281\u0251j\u02c0 d\u0325i fly\u02c0 \u028b\u00e6\u00f0\u0320\u02d5\u02e0 \u02c8fl\u00f8\u0261\u030a.t\u0259 k\u02b0\u00e6n\u02c0]<br>[vo\u02d0\u02c0 st\u0252\u02c0 f\u0254 \u02c8d\u0325\u00e6n.m\u0251ks \u02c8k\u02b0\u0281es.ti.\u00e6n]<br>[vo\u02d0\u02c0 st\u0252\u02c0 f\u0254 \u02c8d\u0325\u00e6n.m\u0251ks \u02c8k\u02b0\u0281es.ti.\u00e6n]<br>[i k\u02b0\u0251m\u02c0p]<br><br><strong>2<\/strong><br>[nel\u02c0s ju\u02d0l \u0261\u030a\u025b\u02c0\u028b \u0251\u0261\u030at p\u02b0\u0254\u033d \u02c8st\u0252\u02d0.m\u0259ns b\u0325\u0281\u0251\u02c0w]<br>[nu \u025b\u0250\u032f d\u0325e t\u02e2i\u02c0\u00f0]<br>[h\u00e6n \u02c8h\u0251j.s\u0259.\u00f0\u0259 d\u0325e \u02c8\u0281\u00f8\u02d0.\u00f0\u0259 fl\u0325\u00e6\u02c0(j)]<br>[\u0252w sl\u0325o\u02c0 p\u02b0\u0254\u033d \u02c8fjen.n\u02c0\u0259n \u02c8sl\u0325\u00e6\u02c0(j) i \u02c8sl\u0325\u00e6\u02c0(j)]<br>[d\u0325\u00e6 sk\u0281\u0251j\u02c0 d\u0325i h\u0254j\u02c0t b\u0325l\u00e6n\u02c0t \u02c8st\u0252\u02d0.m\u0259ns b\u0325\u0281\u0251\u02c0w]<br>[nu \u025b\u0250\u032f d\u0325e t\u02e2i\u02c0\u00f0]<br>[fly\u02c0 sk\u0281\u0251j\u02c0 d\u0325i \u028b\u025b\u02c0\u0250\u032f s\u028cm \u028be\u00f0\u02c0 e\u031dt skju\u02c0l]<br>[vo\u02d0\u02c0 k\u02b0\u00e6n\u02c0 b\u0325e.\u02c8st\u0254\u02c0 mo\u02c0\u00f0 \u02c8d\u0325\u00e6n.m\u0251ks ju\u02d0l]<br>[vo\u02d0\u02c0 k\u02b0\u00e6n\u02c0 b\u0325e.\u02c8st\u0254\u02c0 mo\u02c0\u00f0 \u02c8d\u0325\u00e6n.m\u0251ks ju\u02d0l]<br>[i st\u0281i\u00f0\u02c0]<br><br><strong>3<\/strong><br>[o\u02c0 \u02c8no\u0250\u032f.h\u0251w \u0261\u030alem\u02c0t a \u02c8\u028b\u025b.s\u0259l b\u0325\u0281\u0153\u00f0\u02c0]<br>[d\u0325i\u02d0\u02c0n \u02c8m\u0276\u0250\u032f.k\u0259 sky\u02c0]<br>[d\u0325\u00e6 t\u02e2y\u02d0.\u00f0\u0259 \u02c8k\u02b0\u025bm.p\u0250 t\u02e2el d\u0325it sk\u00f8\u00f0]<br>[t\u02e2i m\u025b\u00f0 h\u0251\u0308m\u02c0 lyn.t\u0259 sk\u0281\u00e6(j)k \u0252(w) d\u0325\u00f8\u02c0\u00f0]<br>[f\u0281\u0325\u0251 \u02c8\u028b\u00e6\u02d0.l\u0259n h\u00f8\u0250\u032f\u02c0.t\u0259s \u028b\u0281\u0254\u02d0\u02c0l s\u0254m b\u0325\u0281\u0153\u00f0\u02c0]<br>[d\u0325\u025bn\u02c0 t\u02e2y.k\u0259 sky\u02c0]<br>[f\u0281\u0325\u0251 \u02c8d\u0325\u00e6n.m\u0251k \u02c8ly\u02d0.n\u0250 \u02c8t\u02e2o\u0250\u032f.d\u0325\u0259n.\u02ccskj\u028cl\u02c0]<br>[\u028b\u025b\u02c0\u0250\u032f \u02c8\u0261\u030ai\u02d0.\u028b\u0259 s\u0251j i \u02c8hem.l\u0259ns \u028b\u028cl\u02c0]<br>[\u028b\u025b\u02c0\u0250\u032f \u02c8\u0261\u030ai\u02d0.\u028b\u0259 s\u0251j i \u02c8hem.l\u0259ns \u028b\u0254l\u02c0]<br>[\u0252w fly\u02c0]<br><br><strong>4<\/strong><br>[d\u0325u \u02c8d\u0325\u00e6ns.k\u0259s \u028b\u0251j\u02c0 t\u02e2el \u0281o\u02c0s \u0252(w) m\u0251\u0261\u030at]<br>[\u02c8so\u0250\u032ft.\u02ccl\u00e6\u02d0\u00f0.n\u0259 h\u0251w]<br>[\u02c8mo\u02c0\u00f0.t\u02e2\u00e6\u02c0(j) d\u0325i\u02d0\u02c0n \u028b\u025bn s\u028cm \u02c8u.f\u0254.\u02ccs\u0251\u0261\u030at]<br>[t\u02e2\u0276\u0250\u032f \u02c8m\u00f8\u02d0.\u00f0\u0259 \u02c8f\u0251\u02d0.\u0281\u0259n m\u025b\u00f0 f\u0254.\u02c8\u0251\u0261\u030at]<br>[s\u028c st\u0254l\u02c0t s\u0254m d\u0325u mo\u02c0\u00f0 st\u0252\u02d0.m\u0259ns m\u0251\u0261\u030at]<br>[\u02c8so\u0250\u032ft.\u02ccl\u00e6\u02d0\u00f0.n\u0259 h\u0251w]<br>[\u0252w \u0281ask i.\u0261\u030a\u025b(n).n\u02c0\u0259m l\u0251\u02d0\u02c0m \u0252(w) spel]<br>[\u0252(w) k\u02b0\u0251m\u02c0p \u0252(w) s\u0251j\u02c0\u0250 f\u00f8\u0250\u032f\u02c0 m\u0251(j) t\u02e2el]<br>[\u0252(w) k\u02b0\u0251m\u02c0p \u0252(w) s\u0251j\u02c0\u0250 f\u00f8\u0250\u032f\u02c0 m\u0251j t\u02e2el]<br>[mi\u02d0\u02c0n \u0261\u030a\u0281\u0251w\u02c0]<\/td><td><strong>I<\/strong><br><a href=\"https:\/\/en.wikipedia.org\/wiki\/Christian_IV_of_Denmark\">King Christian<\/a>&nbsp;stood by the lofty mast<br><a href=\"https:\/\/en.wikipedia.org\/wiki\/Battle_of_Colberger_Heide\">In mist and smoke<\/a>;<br>His sword was hammering so fast,<br>Through Gothic helm and brain it passed;<br>Then sank each hostile hulk and mast,<br>In mist and smoke.<br>&#8220;Fly!&#8221; shouted they, &#8220;fly, he who can!<br>Who braves of&nbsp;<a href=\"https:\/\/en.wikipedia.org\/wiki\/Denmark\">Denmark&#8217;s<\/a>&nbsp;Christian,<br>Who braves of Denmark&#8217;s Christian,<br>The stroke?&#8221;<br><br><strong>II<\/strong><br><a href=\"https:\/\/en.wikipedia.org\/wiki\/Niels_Juel\">Niels Juel<\/a>&nbsp;gave heed to the tempest&#8217;s roar,<br>Now is the hour!<br>He hoisted his&nbsp;<a href=\"https:\/\/en.wikipedia.org\/wiki\/Flag_of_Denmark\">blood-red flag<\/a>&nbsp;once more,<br>And smote upon the foe full sore,<br>And shouted loud, through the tempest&#8217;s roar,<br>&#8220;Now is the hour!&#8221;<br>&#8220;Fly!&#8221; shouted they, &#8220;for shelter fly!<br>Of Denmark&#8217;s Juel who can defy,<br>Of Denmark&#8217;s Juel who can defy,<br>The power?&#8221;<br><br><strong>III<\/strong><br><a href=\"https:\/\/en.wikipedia.org\/wiki\/North_Sea\">North Sea<\/a>! a glimpse of&nbsp;<a href=\"https:\/\/en.wikipedia.org\/wiki\/Peder_Tordenskjold\">Wessel<\/a>&nbsp;rent<br>Thy murky sky!<br>Then champions to thine arms were sent;<br>Terror and Death glared where he went;<br>From the waves was heard a wail, that rent<br>Thy murky sky!<br>From Denmark thunders&nbsp;<a href=\"https:\/\/en.wikipedia.org\/wiki\/Tordenskjold\">Tordenskiol<\/a>&#8216;,<br>Let each to Heaven commend his soul,<br>Let each to Heaven commend his soul,<br>And fly!<br><br><strong>IV<\/strong><br>Path of the&nbsp;<a href=\"https:\/\/en.wikipedia.org\/wiki\/Danes\">Dane<\/a>&nbsp;to fame and might!<br>Dark-rolling wave!<br>Receive thy friend, who, scorning flight,<br>Goes to meet danger with despite,<br>Proudly as thou the tempest&#8217;s might,<br>Dark-rolling wave!<br>And &#8216;mid pleasures and alarms,<br>And war and victory, be thine arms,<br>And war and victory, be thine arms,<br>My grave!<\/td><\/tr><\/tbody><\/table><\/figure>\n","protected":false},"excerpt":{"rendered":"<p>Der er et yndigt land Danish original[3][4] IPA&nbsp;transcription[a] Literal English translation Metrical English translation[citation needed] IDer er et yndigt land,Det st\u00e5r med brede b\u00f8ge\ud834\udd06 N\u00e6r salten \u00f8sterstrand. \ud834\udd07Det bugter sig i bakke, dal,Det hedder gamle Danmark\ud834\udd06 Og det er Frejas sal. \ud834\udd07 IIDer sad i fordums tidDe harniskkl\u00e6dte k\u00e6mper,\ud834\udd06 Udhvilede fra strid. \ud834\udd07S\u00e5 drog de&hellip;<\/p>\n","protected":false},"author":1,"featured_media":0,"parent":366,"menu_order":0,"comment_status":"closed","ping_status":"closed","template":"fullwidth.php","meta":{"footnotes":""},"class_list":["post-542","page","type-page","status-publish","hentry"],"_links":{"self":[{"href":"https:\/\/www.sadeora.com\/sky_dome\/the-future-planet\/wp-json\/wp\/v2\/pages\/542","targetHints":{"allow":["GET"]}}],"collection":[{"href":"https:\/\/www.sadeora.com\/sky_dome\/the-future-planet\/wp-json\/wp\/v2\/pages"}],"about":[{"href":"https:\/\/www.sadeora.com\/sky_dome\/the-future-planet\/wp-json\/wp\/v2\/types\/page"}],"author":[{"embeddable":true,"href":"https:\/\/www.sadeora.com\/sky_dome\/the-future-planet\/wp-json\/wp\/v2\/users\/1"}],"replies":[{"embeddable":true,"href":"https:\/\/www.sadeora.com\/sky_dome\/the-future-planet\/wp-json\/wp\/v2\/comments?post=542"}],"version-history":[{"count":0,"href":"https:\/\/www.sadeora.com\/sky_dome\/the-future-planet\/wp-json\/wp\/v2\/pages\/542\/revisions"}],"up":[{"embeddable":true,"href":"https:\/\/www.sadeora.com\/sky_dome\/the-future-planet\/wp-json\/wp\/v2\/pages\/366"}],"wp:attachment":[{"href":"https:\/\/www.sadeora.com\/sky_dome\/the-future-planet\/wp-json\/wp\/v2\/media?parent=542"}],"curies":[{"name":"wp","href":"https:\/\/api.w.org\/{rel}","templated":true}]}}