{"id":480,"date":"2019-05-06T20:11:55","date_gmt":"2019-05-07T01:11:55","guid":{"rendered":"https:\/\/www.sadeora.com\/sky_dome\/the-future-planet\/?page_id=480"},"modified":"2024-08-21T02:22:22","modified_gmt":"2024-08-21T07:22:22","slug":"austria","status":"publish","type":"page","link":"https:\/\/www.sadeora.com\/sky_dome\/the-future-planet\/felicitation-centers\/austria\/","title":{"rendered":"Austria"},"content":{"rendered":"\n\n\n<figure class=\"wp-block-audio\"><audio controls src=\"https:\/\/www.sadeora.com\/sky_dome\/the-future-planet\/wp-content\/uploads\/2024\/08\/Land_der_Berge_Land_am_Strome_instrumental.ogg\"><\/audio><\/figure>\n\n\n\n<p><\/p>\n\n\n\n<figure class=\"wp-block-table\"><table class=\"has-fixed-layout\"><tbody><tr><th>German original<sup><a href=\"https:\/\/en.wikipedia.org\/wiki\/National_anthem_of_Austria#cite_note-8\">[8]<\/a><\/sup><\/th><th><a href=\"https:\/\/en.wikipedia.org\/wiki\/International_Phonetic_Alphabet\">IPA<\/a>&nbsp;transcription<sup><a href=\"https:\/\/en.wikipedia.org\/wiki\/National_anthem_of_Austria#cite_note-9\">[a]<\/a><\/sup><\/th><th>Poetic English translation<sup>[<em><a href=\"https:\/\/en.wikipedia.org\/wiki\/Wikipedia:Citation_needed\">citation needed<\/a><\/em>]<\/sup><\/th><\/tr><tr><td><strong>I<\/strong><br>Land der Berge, Land am Strome,<br>Land der \u00c4cker, Land der Dome,<br>Land der H\u00e4mmer, zukunftsreich!<br>Heimat gro\u00dfer T\u00f6chter und S\u00f6hne,<br>Volk, begnadet f\u00fcr das Sch\u00f6ne,<br>\ud834\udd06 Vielger\u00fchmtes \u00d6sterreich! \ud834\udd07<br><br><strong>II<\/strong><br>Hei\u00df umfehdet, wild umstritten,<br>Liegst dem Erdteil du inmitten<br>Einem starken Herzen gleich.<br>Hast seit fr\u00fchen Ahnentagen<br>Hoher Sendung Last getragen,<br>\ud834\udd06 Vielgepr\u00fcftes \u00d6sterreich. \ud834\udd07<br><br><strong>III<\/strong><br>Mutig in die neuen Zeiten,<br>Frei und gl\u00e4ubig sieh uns schreiten,<br>Arbeitsfroh und hoffnungsreich.<br>Einig la\u00df in Jubelch\u00f6ren,<br>Vaterland, dir Treue schw\u00f6ren.<br>\ud834\udd06 Vielgeliebtes \u00d6sterreich. \ud834\udd07<\/td><td><strong>1<\/strong><br>[lant d\u0250 \u02c8b\u025b\u0250\u032f.g\u0259 lant am \u02c8\u0283tr\u0254.m\u0259]<br>[lant d\u0250 \u02c8\u025b.k\u0250 lant d\u0250 \u02c8d\u0254.m\u0259]<br>[lant d\u0250 \u02c8h\u025b.m\u0250 \u02c8t\u0361s\u028a.k\u028anft\u0361s.ra\u026a\u032f\u00e7]<br>[\u02c8ha\u026a\u032f.mat \u02c8gr\u0254.s\u0250 \u02c8t\u0153x.t\u0250 \u028ant z\u00f8\u02d0.n\u0259]<br>[f\u0254lk \u02c8b\u025bg.na.d\u0259t fy\u02d0r das \u02c8\u0283\u00f8\u02d0.n\u0259]<br>\ud834\udd06 [\u02c8fi\u02d0l.g\u0250.y\u02d0m.t\u0259s \u02c8\u00f8\u02d0s.t\u0250.ra\u026a\u032f\u00e7] \ud834\udd07<br><br><strong>2<\/strong><br>[ha\u026a\u032fs \u02c8u\u0271.fe\u02d0.d\u025bt v\u026alt \u02c8um.stri\u02d0.tn\u0329]<br>[\u02c8li\u02d0kst de\u02d0m \u02c8e\u02d0\u0250\u032f.ta\u026a\u032fl d\u028a \u02c8i\u02d0n.m\u026a.tn\u0329]<br>[\u02c8a\u026a\u032f.n\u0259m \u02c8\u0283tar.kn\u0329 \u02c8h\u025b\u0250\u032f.t\u0361sn\u0329 \u02c8gla\u026a\u032f\u00e7]<br>[hast za\u026a\u032ft \u02c8fry\u02d0.\u0259n \u02c8a\u02d0.n\u0259n.ta.g\u0259n]<br>[\u02c8ho\u02d0.\u025b\u0250\u032f \u02c8z\u025bn.d\u028a\u014b last \u02c8g\u025b.tra.g\u0259n]<br>\ud834\udd06 [\u02c8fi\u02d0l.g\u0259.pry\u02d0f.t\u0259s \u02c8\u00f8\u02d0.st\u0250.ra\u026a\u032f\u00e7] \ud834\udd07<br><br><strong>3<\/strong><br>[\u02c8m\u028a.t\u026a\u00e7 i\u02d0n di\u02d0 \u02c8no\u028f\u032f.\u0259n \u02c8t\u0361sa\u026a\u032f.tn\u0329]<br>[fra\u026a\u032f \u028ant \u02c8glo\u028f\u032f.b\u026a\u00e7 zi\u02d0 \u028ans \u02c8\u0283ra\u026a\u032f.tn\u0329]<br>[\u02c8ar.ba\u026a\u032ft\u0361s.fro\u02d0 \u028ant \u02c8h\u0254f.nu\u02d0\u014bs.ra\u026a\u032f\u00e7]<br>[\u02c8a\u026a\u032f.n\u026a\u00e7 las i\u02d0n \u02c8j\u028a.b\u0259l.k\u00f8\u02d0.r\u0259n]<br>[\u02c8fa\u02d0.t\u0250.lant di\u02d0r \u02c8tro\u028f\u032f.\u0259 \u02c8\u0283v\u00f8\u02d0.r\u0259n]<br>\ud834\udd06 [\u02c8fi\u02d0l.g\u0259.li\u02d0p.t\u0259s \u02c8\u00f8\u02d0.st\u0250.ra\u026a\u032f\u00e7] \ud834\udd07<\/td><td><strong>I<\/strong><br>Land of peaks, oh, land of rivers,<br>Land of fields, oh, land of steeples<br>Land of labours, future-bound!<br>Home thou art to prodigious kin,<br>Shining brighter than ever been<br>\ud834\udd06 Austria, of high praise! \ud834\udd07<br><br><strong>II<\/strong><br>Bold if battered, ne&#8217;er torn nor tattered<br>Stands thou strong midst Europe fettered<br>For thee art pledges saith!<br>Since days long past, verily thou hast<br>Trials of heated temper pas&#8217;t<br>\ud834\udd06 Austria, of true faith. \ud834\udd07<br><br><strong>III<\/strong><br>Joyfully jaunting, future-bound,<br>As one nation, safe and sound,<br>In high spirits newly found!<br>All together now, in jubilation<br>To thee, we pledge with animation<br>\ud834\udd06 Austria, dearly loved! \ud834\udd07<\/td><\/tr><\/tbody><\/table><\/figure>\n","protected":false},"excerpt":{"rendered":"<p>German original[8] IPA&nbsp;transcription[a] Poetic English translation[citation needed] ILand der Berge, Land am Strome,Land der \u00c4cker, Land der Dome,Land der H\u00e4mmer, zukunftsreich!Heimat gro\u00dfer T\u00f6chter und S\u00f6hne,Volk, begnadet f\u00fcr das Sch\u00f6ne,\ud834\udd06 Vielger\u00fchmtes \u00d6sterreich! \ud834\udd07 IIHei\u00df umfehdet, wild umstritten,Liegst dem Erdteil du inmittenEinem starken Herzen gleich.Hast seit fr\u00fchen AhnentagenHoher Sendung Last getragen,\ud834\udd06 Vielgepr\u00fcftes \u00d6sterreich. \ud834\udd07 IIIMutig in die&hellip;<\/p>\n","protected":false},"author":1,"featured_media":0,"parent":366,"menu_order":0,"comment_status":"closed","ping_status":"closed","template":"fullwidth.php","meta":{"footnotes":""},"class_list":["post-480","page","type-page","status-publish","hentry"],"_links":{"self":[{"href":"https:\/\/www.sadeora.com\/sky_dome\/the-future-planet\/wp-json\/wp\/v2\/pages\/480","targetHints":{"allow":["GET"]}}],"collection":[{"href":"https:\/\/www.sadeora.com\/sky_dome\/the-future-planet\/wp-json\/wp\/v2\/pages"}],"about":[{"href":"https:\/\/www.sadeora.com\/sky_dome\/the-future-planet\/wp-json\/wp\/v2\/types\/page"}],"author":[{"embeddable":true,"href":"https:\/\/www.sadeora.com\/sky_dome\/the-future-planet\/wp-json\/wp\/v2\/users\/1"}],"replies":[{"embeddable":true,"href":"https:\/\/www.sadeora.com\/sky_dome\/the-future-planet\/wp-json\/wp\/v2\/comments?post=480"}],"version-history":[{"count":0,"href":"https:\/\/www.sadeora.com\/sky_dome\/the-future-planet\/wp-json\/wp\/v2\/pages\/480\/revisions"}],"up":[{"embeddable":true,"href":"https:\/\/www.sadeora.com\/sky_dome\/the-future-planet\/wp-json\/wp\/v2\/pages\/366"}],"wp:attachment":[{"href":"https:\/\/www.sadeora.com\/sky_dome\/the-future-planet\/wp-json\/wp\/v2\/media?parent=480"}],"curies":[{"name":"wp","href":"https:\/\/api.w.org\/{rel}","templated":true}]}}