{"id":468,"date":"2019-05-06T20:07:42","date_gmt":"2019-05-07T01:07:42","guid":{"rendered":"https:\/\/www.sadeora.com\/sky_dome\/the-future-planet\/?page_id=468"},"modified":"2024-09-02T03:40:35","modified_gmt":"2024-09-02T08:40:35","slug":"morocco","status":"publish","type":"page","link":"https:\/\/www.sadeora.com\/sky_dome\/the-future-planet\/felicitation-centers\/morocco\/","title":{"rendered":"Morocco"},"content":{"rendered":"\n\n\n<p><\/p>\n\n\n\n<figure class=\"wp-block-audio\"><audio controls src=\"https:\/\/www.sadeora.com\/sky_dome\/the-future-planet\/wp-content\/uploads\/2024\/09\/National_Anthem_of_Morocco.ogg\"><\/audio><\/figure>\n\n\n\n<p><\/p>\n\n\n\n<figure class=\"wp-block-table\"><table class=\"has-fixed-layout\"><tbody><tr><th><a href=\"https:\/\/en.wikipedia.org\/wiki\/Arabic_language\">Arabic<\/a>&nbsp;original<sup><a href=\"https:\/\/en.wikipedia.org\/wiki\/Cherifian_Anthem#cite_note-5\">[4]<\/a><\/sup><sup><a href=\"https:\/\/en.wikipedia.org\/wiki\/Cherifian_Anthem#cite_note-6\">[5]<\/a><\/sup><\/th><th><a href=\"https:\/\/en.wikipedia.org\/wiki\/Romanization_of_Arabic\">Romanisation<\/a><\/th><th><a href=\"https:\/\/en.wikipedia.org\/wiki\/International_Phonetic_Alphabet\">IPA<\/a>&nbsp;transcription<sup><a href=\"https:\/\/en.wikipedia.org\/wiki\/Cherifian_Anthem#cite_note-7\">[b]<\/a><\/sup><\/th><th>English translation<\/th><\/tr><tr><td>\u0645\u0646\u0628\u062a \u0627\u0644\u0623\u062d\u0631\u0627\u0631<br>\u0645\u0634\u0631\u0642 \u0627\u0644\u0623\u0646\u0648\u0627\u0631<br>\u0645\u0646\u062a\u062f\u0649 \u0627\u0644\u0633\u0624\u062f\u062f \u0648\u062d\u0645\u0627\u0647<br>\u062f\u0645\u062a \u0645\u0646\u062a\u062f\u0627\u0647 \u0648\u062d\u0645\u0627\u0647<br>\u0639\u0634\u062a \u0641\u064a \u0627\u0644\u0623\u0648\u0637\u0627\u0646<br>\u0644\u0644\u0639\u0644\u0649 \u0639\u0646\u0648\u0627\u0646<br>\u0645\u0644\u0621 \u0643\u0644 \u062c\u0646\u0627\u0646<br>\u0630\u0643\u0631\u0649 \u0643\u0644 \u0644\u0633\u0627\u0646<br>\u0628\u0627\u0644\u0631\u0648\u062d<br>\u0628\u0627\u0644\u062c\u0633\u062f<br>\u0647\u0628 \u0641\u062a\u0627\u0643<br>\u0644\u0628\u0649 \u0646\u062f\u0627\u0643<br>\u0641\u064a \u0641\u0645\u064a \u0648\u0641\u064a \u062f\u0645\u064a<br>\u0647\u0648\u0627\u0643 \u062b\u0627\u0631 \u0646\u0648\u0631 \u0648\u0646\u0627\u0631<br>\u0625\u062e\u0648\u062a\u064a \u0647\u064a\u0627<br>\u0644\u0644\u0639\u0644\u0649 \u0633\u0639\u064a\u0627<br>\u0646\u0634\u0647\u062f \u0627\u0644\u062f\u0646\u064a\u0627<br>\u0623\u0646\u0627 \u0647\u0646\u0627 \u0646\u062d\u064a\u0627<br>\u0628\u0634\u0639\u0627\u0631<br>\u0627\u0644\u0644\u0647 \u0627\u0644\u0648\u0637\u0646 \u0627\u0644\u0645\u0644\u0643<\/td><td>Manbita l-\u02bea\u1e25r\u0101r<br>Ma\u0161riqa l-\u02beanw\u0101r<br>Muntad\u0101 s-su\u02bedadi wa-\u1e25im\u0101h<br>Dumta muntad\u0101h wa-\u1e25im\u0101h<br>\u02bfI\u0161ta fi l-\u02beaw\u1e6d\u0101n<br>Li-l-\u02bful\u0101 \u02bfunw\u0101n<br>Mil\u02bea kulli \u01e7an\u0101n<br>\u1e0eikr\u0101 kulli lis\u0101n<br>Bi-r-r\u016b\u1e25i,<br>Bi-l-jasadi<br>Habba fat\u0101k,<br>Labb\u0101 nid\u0101k<br>F\u012b fam\u012b wa-f\u012b dam\u012b<br>Haw\u0101ka \u1e6f\u0101ra n\u016br wa-n\u0101r<br>\u02beI\u1e2bwat\u012b hayy\u0101<br>Li-l-\u02bful\u0101 sa\u02bfy\u0101<br>Nu\u0161hidi d-duny\u0101<br>\u02beAnn\u0101 hun\u0101 na\u1e25y\u0101<br>Bi-\u0161i\u02bf\u0101r<br>All\u0101h, al-wa\u1e6dan, al-malik.<\/td><td>[m\u00e6n.bi.t\u02e2\u00e6\u203fl.\u0294\u0251\u0127.r\u0251\u02d0r]<br>[m\u00e6\u0283.r\u026a.q\u0251\u203fl.\u0294\u00e6n.w\u0251\u02d0r]<br>[m\u028an.t\u02e2\u00e6.d\u00e6\u02d0\u203fs.su\u0294.d\u00e6.di w\u0251.\u0127i.m\u00e6\u02d0h]<br>[d\u028am.t\u02e2\u00e6 m\u028an.t\u02e2\u00e6.d\u00e6\u02d0h w\u0251.\u0127i.m\u00e6\u02d0h]<br>[\u0295\u026a\u0283.t\u02e2\u00e6 f\u026a\u203fl.\u0294\u0251w.t\u02e4\u0251\u02d0n]<br>[l\u026a\u203fl.\u0295\u028a.l\u00e6\u02d0 \u0295\u028an.w\u00e6\u02d0n]<br>[m\u026al.\u0294\u00e6 kul.l\u026a \u0292\u00e6.n\u00e6\u02d0n]<br>[d\u032a\u026ak.r\u0251\u02d0 kul.l\u026a li.s\u00e6\u02d0n]<br>[b\u026a\u203fr.ru\u02d0.\u0127i |]<br>[b\u026a\u203fl.\u0292\u00e6.s\u00e6.di]<br>[h\u00e6b.b\u00e6 f\u00e6.t\u02e2\u00e6\u02d0k]<br>[l\u00e6b.b\u00e6\u02d0 ni.d\u00e6\u02d0k]<br>[fi\u02d0 f\u00e6.mi\u02d0 w\u0251.fi\u02d0 d\u00e6.mi\u02d0]<br>[h\u00e6.w\u0251\u02d0.k\u00e6 t\u032a\u0251\u02d0.r\u0251 n\u028a\u02d0r w\u0251\u203fn\u0251\u02d0r]<br>[\u0294\u026a\u03c7.w\u0251.t\u02e2i\u02d0 h\u00e6j.j\u0251\u02d0]<br>[l\u026a\u203fl.\u0295\u028a.l\u00e6\u02d0 s\u00e6\u0295.j\u0251\u02d0]<br>[n\u028a\u0283.h\u026a.d\u026a\u203fd.d\u028an.j\u0251\u02d0]<br>[\u0294\u00e6n.n\u00e6\u02d0 hu.n\u00e6\u02d0 n\u0251\u0127.j\u0251\u02d0]<br>[b\u026a\u203f\u0283\u026a.\u0295\u0251\u02d0r]<br>[\u0251\u026b.\u026b\u0251\u02d0h | \u00e6l.w\u0251.t\u02e4\u0251n | \u00e6l.m\u00e6.lik]<\/td><td>Root of the free,<br>Rising place of the Lights,<br>Forum of glory and its protector,<br>May you perpetuate as its forum and its protector.<br>May you live among the homelands<br>As an address for grandeur<br>Filling every heart<br>conveyed by every tongue.<br>With the spirit,<br>With the body,<br>Your son has come<br>To answer your call.<br>In my mouth and in my blood,<br>Your love stirred up as light and fire.<br>Let&#8217;s go brothers!<br>Heading for grandeur,<br>Making the world witness<br>That we here perpetually live<br>With the motto:<br>God, Homeland, King.<\/td><\/tr><\/tbody><\/table><\/figure>\n\n\n\n<figure class=\"wp-block-table\"><table class=\"has-fixed-layout\"><tbody><tr><th><a href=\"https:\/\/en.wikipedia.org\/wiki\/Berber_language\">Berber<\/a>&nbsp;translation (<a href=\"https:\/\/en.wikipedia.org\/wiki\/Tifinagh\">Tifinagh<\/a>)<sup><a href=\"https:\/\/en.wikipedia.org\/wiki\/Cherifian_Anthem#cite_note-Belaa-8\">[6]<\/a><\/sup><\/th><th><a href=\"https:\/\/en.wikipedia.org\/wiki\/Berber_language\">Berber<\/a>&nbsp;translation (<a href=\"https:\/\/en.wikipedia.org\/wiki\/Berber_Latin_alphabet\">Latin<\/a>)<\/th><th><a href=\"https:\/\/en.wikipedia.org\/wiki\/International_Phonetic_Alphabet\">IPA<\/a>&nbsp;transcription<sup><a href=\"https:\/\/en.wikipedia.org\/wiki\/Cherifian_Anthem#cite_note-Belaa-8\">[6]<\/a><\/sup><sup><a href=\"https:\/\/en.wikipedia.org\/wiki\/Cherifian_Anthem#cite_note-9\">[c]<\/a><\/sup><\/th><\/tr><tr><td>\u2d30\u2d59\u2d30\u2d56\u2d4e\u2d30\u2d62 \u2d4f \u2d49\u2d4e\u2d30\u2d63\u2d49\u2d56\u2d4f<br>\u2d30\u2d33\u2d4e\u2d53\u2d39 \u2d4f \u2d49\u2d3c\u2d30\u2d61\u2d4f<br>\u2d30\u2d59\u2d30\u2d33\u2d54\u2d30\u2d61 \u2d4f \u2d5c\u2d49\u2d4e\u2d4e\u2d53\u2d56\u2d54\u2d30 \u2d37 \u2d61\u2d30\u2d4e\u2d53\u2d54 \u2d4f\u2d4f\u2d59<br>\u2d30 \u2d5c\u2d47\u2d47\u2d49\u2d4e\u2d37 \u2d37 \u2d30\u2d33\u2d54\u2d30\u2d61 \u2d37 \u2d30\u2d4e\u2d53\u2d54 \u2d4f\u2d4f\u2d59<br>\u2d5c\u2d37\u2d37\u2d54\u2d37 \u2d37\u2d49 \u2d5c\u2d4e\u2d53\u2d54\u2d30<br>\u2d37 \u2d49\u2d63\u2d61\u2d4d \u2d49 \u2d5c\u2d30\u2d4f\u2d30\u2d62\u2d30<br>\u2d37 \u2d30\u2d3d\u2d5c\u2d5c\u2d53\u2d54 \u2d4f \u2d61\u2d53\u2d4d\u2d30\u2d61\u2d4f<br>\u2d37 \u2d30\u2d31\u2d37\u2d37\u2d53\u2d54 \u2d4f \u2d62\u2d49\u2d4d\u2d59\u2d30\u2d61\u2d4f<br>\u2d59 \u2d49\u2d4e\u2d30\u2d4f \u2d4f\u2d4f\u2d59<br>\u2d59 \u2d5c\u2d30\u2d3c\u2d3d\u2d3d\u2d30 \u2d4f\u2d4f\u2d59<br>\u2d62\u2d4f\u2d3d\u2d54 \u2d61\u2d30\u2d54\u2d54\u2d30\u2d61 \u2d4f\u2d4f\u2d3d<br>\u2d62\u2d59\u2d59\u2d49\u2d37\u2d4e\u2d54 \u2d30\u2d61\u2d30\u2d4d \u2d4f\u2d4f\u2d3d<br>\u2d37\u2d33 \u2d49\u2d4e\u2d49 \u2d49\u2d4f\u2d53 \u2d37 \u2d49\u2d37\u2d30\u2d4e\u2d4e\u2d4f<br>\u2d5c\u2d30\u2d62\u2d54\u2d49 \u2d4f\u2d4f\u2d3d \u2d5c\u2d4f\u2d3d\u2d54 \u2d59 \u2d61\u2d30\u2d3c\u2d30\u2d61 \u2d37 \u2d61\u2d30\u2d3c\u2d30<br>\u2d30\u2d62\u2d5c\u2d4e\u2d30 \u2d49\u2d4f\u2d53 \u2d37 \u2d49\u2d59\u2d5c\u2d4e\u2d30<br>\u2d53\u2d62\u2d53\u2d54\u2d5c \u2d56\u2d54 \u2d5c\u2d30\u2d4f\u2d30\u2d62\u2d30<br>\u2d30\u2d37 \u2d4f\u2d59\u2d59\u2d3d\u2d4f \u2d49 \u2d53\u2d4e\u2d30\u2d39\u2d30\u2d4d \u2d30<br>\u2d49\u2d59 \u2d4f\u2d3d\u2d4f\u2d49 \u2d4f\u2d5c\u2d5c\u2d37\u2d37\u2d54 \u2d37\u2d30<br>\u2d59 \u2d5c\u2d30\u2d65\u2d53\u2d33\u2d30\u2d62\u2d5c<br>\u2d30\u2d3d\u2d53\u2d5b, \u2d30\u2d4e\u2d53\u2d54, \u2d30\u2d33\u2d4d\u2d4d\u2d49\u2d37<\/td><td>Asa\u0263may n imazi\u0263n<br>Agmu\u1e0d n ifawn<br>Asagraw n timmu\u0263ra d wamur nns<br>A tqqimd d agraw d amur nns<br>Tddrd di tmura<br>D izwl i tanaya<br>D akttur n wulawn<br>D abddur n yilsawn<br>S iman nns<br>S tafkka nns<br>Ynkr warraw nnk<br>Yssidmr awal nnk<br>Dg imi inu d idammn<br>Tayri nnk tnkr s wafaw d wafa<br>Aytma inu d istma<br>Uyurt \u0263r tanaya<br>Ad nsskn i uma\u1e0dal a<br>Is nkni nttddr da<br>S ta\u1e93ugayt<br>Aku\u0161, amur, agllid<\/td><td>[\u00e6.s\u00e6\u0263.mi n\u203f\u026a.m(\u00e6).z\u026a.\u0263\u0259n]<br>[\u00e6.g\u0259.m\u026ad\u02e4 n\u203f\u026a.f\u00e6.w\u026an]<br>[\u00e6.s\u00e6.gr\u00e6w\u203fn t\u02e2im.m\u028a\u0263.r\u00e6 d\u0259 w\u0251.m\u028ar n\u02d0\u0259s]<br>[\u00e6\u203ft\u02e2.q\u02d0\u0259.m\u026ad d\u203f\u00e6g.r\u0251w d\u203f\u00e6.m\u028ar n\u02d0\u0259s]<br>[t\u02e2id.dr\u026ad di\u203ft\u02e2.m\u028a.r\u0251]<br>[d\u203fiz.w\u026al (\u026a) t\u02e2\u00e6.n\u00e6.j\u0251]<br>[d\u203f\u00e6kt.t\u028ar\u203fn w\u026a.l\u00e6.w\u026an]<br>[d\u203f\u00e6b.d\u02d0\u028ar\u203fn j\u026al.s\u00e6.w\u026an]<br>[s\u203fi.m\u00e6n n\u02d0\u0259s]<br>[s\u203ft\u00e6f.k\u02d0\u00e6 n\u02d0\u0259s]<br>[j\u026an.k\u0259r w\u0251r.r\u00e6w n\u02d0\u0259k]<br>[j\u026as\u02d0d.m\u0259r \u0251.w\u00e6l n\u02d0\u0259k]<br>[dig i.mi\u203fi.ni d\u203fi.di.m\u0259.m\u026an]<br>[t\u00e6jr(\u026a) n\u02d0\u0259k t\u0259n.k\u0259r\u203fs w\u00e6.f\u026aw\u203fd w\u00e6.f\u0251]<br>[\u00e6.j\u026at.m\u00e6\u203fi.ni d\u203f\u026ast.m\u0251]<br>[\u00e6.j\u028art \u0263\u0259r t\u02e2\u00e6.n\u00e6.j\u0251]<br>[\u00e6d n\u026as\u02d0.k\u026an \u026a\u203f(u).m\u0251.d\u02e4\u0251l (\u00e6)]<br>[\u026as n\u0259k.n\u026a\u203fnt\u02d0\u026ad.dr\u0259 d\u0251]<br>[s\u203ft\u02e2\u00e6.z\u02e4u.g\u00e6jt]<br>[\u00e6.ku\u0283 | \u00e6.m\u028ar | \u00e6.g\u0259l.l\u026ad]<\/td><\/tr><\/tbody><\/table><\/figure>\n","protected":false},"excerpt":{"rendered":"<p>Arabic&nbsp;original[4][5] Romanisation IPA&nbsp;transcription[b] English translation \u0645\u0646\u0628\u062a \u0627\u0644\u0623\u062d\u0631\u0627\u0631\u0645\u0634\u0631\u0642 \u0627\u0644\u0623\u0646\u0648\u0627\u0631\u0645\u0646\u062a\u062f\u0649 \u0627\u0644\u0633\u0624\u062f\u062f \u0648\u062d\u0645\u0627\u0647\u062f\u0645\u062a \u0645\u0646\u062a\u062f\u0627\u0647 \u0648\u062d\u0645\u0627\u0647\u0639\u0634\u062a \u0641\u064a \u0627\u0644\u0623\u0648\u0637\u0627\u0646\u0644\u0644\u0639\u0644\u0649 \u0639\u0646\u0648\u0627\u0646\u0645\u0644\u0621 \u0643\u0644 \u062c\u0646\u0627\u0646\u0630\u0643\u0631\u0649 \u0643\u0644 \u0644\u0633\u0627\u0646\u0628\u0627\u0644\u0631\u0648\u062d\u0628\u0627\u0644\u062c\u0633\u062f\u0647\u0628 \u0641\u062a\u0627\u0643\u0644\u0628\u0649 \u0646\u062f\u0627\u0643\u0641\u064a \u0641\u0645\u064a \u0648\u0641\u064a \u062f\u0645\u064a\u0647\u0648\u0627\u0643 \u062b\u0627\u0631 \u0646\u0648\u0631 \u0648\u0646\u0627\u0631\u0625\u062e\u0648\u062a\u064a \u0647\u064a\u0627\u0644\u0644\u0639\u0644\u0649 \u0633\u0639\u064a\u0627\u0646\u0634\u0647\u062f \u0627\u0644\u062f\u0646\u064a\u0627\u0623\u0646\u0627 \u0647\u0646\u0627 \u0646\u062d\u064a\u0627\u0628\u0634\u0639\u0627\u0631\u0627\u0644\u0644\u0647 \u0627\u0644\u0648\u0637\u0646 \u0627\u0644\u0645\u0644\u0643 Manbita l-\u02bea\u1e25r\u0101rMa\u0161riqa l-\u02beanw\u0101rMuntad\u0101 s-su\u02bedadi wa-\u1e25im\u0101hDumta muntad\u0101h wa-\u1e25im\u0101h\u02bfI\u0161ta fi l-\u02beaw\u1e6d\u0101nLi-l-\u02bful\u0101 \u02bfunw\u0101nMil\u02bea kulli \u01e7an\u0101n\u1e0eikr\u0101 kulli lis\u0101nBi-r-r\u016b\u1e25i,Bi-l-jasadiHabba fat\u0101k,Labb\u0101 nid\u0101kF\u012b fam\u012b wa-f\u012b dam\u012bHaw\u0101ka \u1e6f\u0101ra n\u016br&hellip;<\/p>\n","protected":false},"author":1,"featured_media":0,"parent":366,"menu_order":0,"comment_status":"closed","ping_status":"closed","template":"fullwidth.php","meta":{"footnotes":""},"class_list":["post-468","page","type-page","status-publish","hentry"],"_links":{"self":[{"href":"https:\/\/www.sadeora.com\/sky_dome\/the-future-planet\/wp-json\/wp\/v2\/pages\/468","targetHints":{"allow":["GET"]}}],"collection":[{"href":"https:\/\/www.sadeora.com\/sky_dome\/the-future-planet\/wp-json\/wp\/v2\/pages"}],"about":[{"href":"https:\/\/www.sadeora.com\/sky_dome\/the-future-planet\/wp-json\/wp\/v2\/types\/page"}],"author":[{"embeddable":true,"href":"https:\/\/www.sadeora.com\/sky_dome\/the-future-planet\/wp-json\/wp\/v2\/users\/1"}],"replies":[{"embeddable":true,"href":"https:\/\/www.sadeora.com\/sky_dome\/the-future-planet\/wp-json\/wp\/v2\/comments?post=468"}],"version-history":[{"count":0,"href":"https:\/\/www.sadeora.com\/sky_dome\/the-future-planet\/wp-json\/wp\/v2\/pages\/468\/revisions"}],"up":[{"embeddable":true,"href":"https:\/\/www.sadeora.com\/sky_dome\/the-future-planet\/wp-json\/wp\/v2\/pages\/366"}],"wp:attachment":[{"href":"https:\/\/www.sadeora.com\/sky_dome\/the-future-planet\/wp-json\/wp\/v2\/media?parent=468"}],"curies":[{"name":"wp","href":"https:\/\/api.w.org\/{rel}","templated":true}]}}