{"id":409,"date":"2019-05-06T19:07:42","date_gmt":"2019-05-07T00:07:42","guid":{"rendered":"https:\/\/www.sadeora.com\/sky_dome\/the-future-planet\/?page_id=409"},"modified":"2024-08-29T05:21:10","modified_gmt":"2024-08-29T10:21:10","slug":"ethiopia","status":"publish","type":"page","link":"https:\/\/www.sadeora.com\/sky_dome\/the-future-planet\/felicitation-centers\/ethiopia\/","title":{"rendered":"Ethiopia"},"content":{"rendered":"\n<p><\/p>\n\n\n\n<figure>\n<figure id=\"attachment_690\" aria-describedby=\"caption-attachment-690\" style=\"width: 300px\" class=\"wp-caption alignnone\"><a href=\"https:\/\/www.sadeora.com\/sky_dome\/the-future-planet\/wp-content\/uploads\/2019\/10\/ethiopia_round_icon_640.png\"><img loading=\"lazy\" decoding=\"async\" src=\"https:\/\/www.sadeora.com\/sky_dome\/the-future-planet\/wp-content\/uploads\/2019\/10\/ethiopia_round_icon_640-300x225.png\" alt=\"\" width=\"300\" height=\"225\" \/><\/a><figcaption id=\"caption-attachment-690\" class=\"wp-caption-text\"><strong>INFORMATION PAGE<\/strong><\/figcaption><\/figure><\/figure>\n\n\n\n<p><\/p>\n\n\n\n<figure class=\"wp-block-audio\"><audio controls src=\"https:\/\/www.sadeora.com\/sky_dome\/the-future-planet\/wp-content\/uploads\/2024\/08\/Wedefit_Gesgeshi_Widd_Innat_Ittyoppya-1.ogg\"><\/audio><\/figure>\n\n\n\n<p><\/p>\n\n\n\n<p><\/p>\n\n\n\n<figure class=\"wp-block-table\"><table class=\"has-fixed-layout\"><tbody><tr><th><a href=\"https:\/\/en.wikipedia.org\/wiki\/Amharic\">Amharic<\/a>&nbsp;original (<a href=\"https:\/\/en.wikipedia.org\/wiki\/Ge%27ez_script\">Ge&#8217;ez script<\/a>)<sup><a href=\"https:\/\/en.wikipedia.org\/wiki\/March_Forward,_Dear_Mother_Ethiopia#cite_note-3\">[3]<\/a><\/sup><sup><a href=\"https:\/\/en.wikipedia.org\/wiki\/March_Forward,_Dear_Mother_Ethiopia#cite_note-4\">[4]<\/a><\/sup><\/th><th><a href=\"https:\/\/en.wikipedia.org\/wiki\/Amharic#Writing_system\">Transliteration<\/a><sup><a href=\"https:\/\/en.wikipedia.org\/wiki\/March_Forward,_Dear_Mother_Ethiopia#cite_note-5\">[5]<\/a><\/sup><\/th><th><a href=\"https:\/\/en.wikipedia.org\/wiki\/International_Phonetic_Alphabet\">IPA<\/a>&nbsp;transcription<sup><a href=\"https:\/\/en.wikipedia.org\/wiki\/March_Forward,_Dear_Mother_Ethiopia#cite_note-6\">[a]<\/a><\/sup><\/th><th>Oromo translation<\/th><th>Tigrinya translation<\/th><th>English translation<sup><a href=\"https:\/\/en.wikipedia.org\/wiki\/March_Forward,_Dear_Mother_Ethiopia#cite_note-7\">[6]<\/a><\/sup><\/th><\/tr><tr><td>\u12e8\u12dc\u130d\u1290\u1275 \u1361 \u12ad\u1265\u122d \u1361 \u1260\u12a2\u1275\u12ee\u1335\u12eb\u127d\u1295 \u1361 \u1338\u1295\u1276 \u1363<br>\u1273\u12e8 \u1361 \u1215\u12dd\u1263\u12ca\u1290\u1275 \u1361 \u12f3\u122d \u1361 \u12a5\u1235\u12a8\u12f3\u122d \u1361 \u1260\u122d\u1276 \u1362<br><br>\u1208\u1230\u120b\u121d \u1363 \u1208\u134d\u1245\u122d \u1363 \u1208\u1215\u12dd\u1266\u127d \u1361 \u1290\u133b\u1290\u1275 \u1363<br>\u1260\u12a5\u12a9\u120d\u1290\u1275 \u1361 \u1260\u134d\u1245\u122d \u1361 \u1246\u1218\u1293\u120d \u1361 \u1263\u1295\u12f5\u1290\u1275 \u1362<br>\u1218\u1220\u1228\u1270 \u1361 \u133d\u1291 \u1361 \u1230\u1265\u12a5\u1293\u1295 \u1361 \u12eb\u120d\u123b\u122d\u1295 \u1363<br>\u1215\u12dd\u1266\u127d \u1361 \u1290\u1295 \u1361 \u1208\u1225\u122b \u1361 \u1260\u1225\u122b \u1361 \u12e8\u1296\u122d\u1295 \u1362<br><br>\u12f5\u1295\u1245 \u1361 \u12e8\u1263\u1205\u120d \u1361 \u1218\u12f5\u1228\u12ad \u1361 \u12eb\u12a9\u122a \u1361 \u1245\u122d\u1235 \u1361 \u1263\u1208\u1264\u1275 \u1363<br>\u12e8\u1270\u1348\u1325\u122e \u1361 \u1338\u130b \u1361 \u12e8\u1300\u130d\u1293 \u1361 \u1215\u12dd\u1265 \u1361 \u12a5\u1293\u1275 \u1362<br>\u12a5\u1295\u1320\u1265\u1245\u123b\u1208\u1295 \u1361 \u12a0\u1208\u1265\u1295 \u1361 \u12a0\u12f0\u122b \u1363<br>\u12a2\u1275\u12ee\u1335\u12eb\u127d\u1295 \u1361 \u1291\u122a \u1361 \u12a5\u129b\u121d \u1361 \u1263\u1295\u127a \u1361 \u12a5\u1295\u12a9\u122b \u1362<\/td><td>Y\u00e4z\u00e9genn\u00e4t keber b\u00e4-Ityopp\u2019yachen s\u2019\u00e4nto;<br>Tayy\u00e4 hezbawinn\u00e4t dar esk\u00e4dar b\u00e4rto.<br><br>L\u00e4s\u00e4lam l\u00e4feteh l\u00e4hezboch n\u00e4s\u2019ann\u00e4t,<br>B\u00e4\u2019ekkulenn\u00e4t b\u00e4feqer qom\u00e4nal bandenn\u00e4t.<br>M\u00e4s\u00e4r\u00e4t\u00e4 s\u2019enu s\u00e4be\u2019enan yalsharen;<br>Hezboch n\u00e4n l\u00e4sera b\u00e4sera y\u00e4noren.<br><br>Denq y\u00e4bahel m\u00e4dr\u00e4k yakuri qers bal\u00e4b\u00eat,<br>Y\u00e4t\u00e4f\u00e4t\u2019ro s\u2019\u00e4gga y\u00e4j\u00e4gna hezb ennat;<br>Ennet\u2019\u00e4bbeqeshall\u00e4n all\u00e4bben ad\u00e4ra;<br>Ityopp\u2019yachen nuri e\u00f1\u00f1am banchi ennekura!<\/td><td>[j\u0259.ze.g\u0268n.n\u0259t k\u0268.\u03b2\u0268\u027e b\u0259i\u032f.tjo.p\u02bcja.t\u0361\u0283\u0268n t\u0361s\u2019\u0259n.to]<br>[ta.j\u0259 h\u0268z.ba.win.n\u0259t da\u027e \u0268s.k\u0259.da\u027e b\u0259\u027e.to \u01c1]<br><br>[l\u0259.s\u0259.lam l\u0259.f\u0268.t\u0268h l\u0259.h\u0268z.bot\u0361\u0283 n\u0259.t\u0361s\u2019an.n\u0259t |]<br>[b\u0259\u0268\u032fk.ku.l\u0268n.n\u0259t b\u0259f.k\u2019\u0268\u027e k\u2019o.m\u0259.nal ban.d\u0268n.n\u0259t \u2016]<br>[m\u0259.s\u0259.\u027e\u0259.t\u0259 t\u0361s\u2019\u0268.nu s\u0259.\u03b2\u0268\u02d0.nan jal.\u0283a.\u027e\u0268n |]<br>[h\u0268z.bot\u0361\u0283 n\u0259n l\u0259.s\u0268.\u027ea b\u0259.s\u0268.\u027ea j\u0259.no.\u027e\u0268n \u01c1]<br><br>[d\u0268nk\u2019 j\u0259.\u03b2a.h\u0268l m\u0259d.\u027e\u0259k ja.k(u)\u027ei k\u2019\u0268\u027es ba.l\u0259.\u03b2et |]<br>[j\u0259.t\u0259.f\u0259t\u2019.\u027eo t\u0361s\u2019\u0259g.ga j\u0259.d\u0361\u0292\u0259g.na h\u0268zb \u0268n.nat |]<br>[\u0268n\u02d0.t\u2019\u0259b.b\u0268.k\u2019\u0268.\u0283al.l\u0259n al.l\u0259b.b\u0268n a.d\u0259.\u027ea |]<br>[i.tjo.p\u2019ja.t\u0361\u0283\u0268n nu.\u027ei \u0268\u0272.\u0272am ban.t\u0361\u0283i\u203f(\u0268)n.n\u0268.k(u)\u027ea \u2016]<\/td><td>Tabaroon lammummaa Itoophiyaa teenyatti jabaatee;<br>Ummattummaan daangaa hamma daangaatti ifee muldhatee.<br><br>Nagaadhaaf, haqaaf, bilisummaa ummatootaaf,<br>Walqixxummaafi jaalalaan dhaabbanneerra tokkummaaf.<br>Hunde- jabeessa namummaa hinmulqine;<br>Uummattoota hojiif hojiidhaan jiraanne.<br><br>Waltajjii aadaa maalalchiistuu warra hambaa buleeyyii,<br>Ayyaana uumamaa, harmee ummata jajjabeeyyii.<br>Isin ni eegna \u2013 irbuu qabna;<br>Itoophiyaa teenya nuuf le&#8217;i nus siin boonna!<\/td><td>\u121d\u12bd\u1263\u122d \u12dc\u130d\u1290\u1275 \u12a3\u1265 \u12a2\u1275\u12ee\u1335\u12eb\u1293 \u1213\u12eb\u120d \u12a5\u12e9\u1364<br>\u1203\u1308\u122b\u12ca \u12a9\u122d\u12d3\u1275 \u12ab\u1265 \u1213\u12f0 \u12c8\u1308\u1295 \u1293\u1265 \u12ab\u120d\u12a5 \u12c8\u1308\u1295 \u12a5\u1293\u1260\u122d\u1200 \u12ed\u1228\u12a0\u1362<br><br>\u121d\u12a5\u1295\u1272 \u1230\u120b\u121d\u1361 \u121d\u12a5\u1295\u1272 \u134d\u1275\u1212\u1361 \u121d\u12a5\u1295\u1272 \u1293\u133d\u1290\u1275 \u1205\u12dd\u1265\u1273\u1275\u1361<br>\u12a3\u1265 \u121b\u12d5\u122d\u1290\u1275\u1295 \u1265\u134d\u1255\u122d\u1295 \u1213\u12f5\u1290\u1275\u1293 \u12f0\u12cd \u1295\u1265\u120d\u1362<br>\u133d\u1291\u12d5 \u1218\u1230\u1228\u1275\u1361 \u1230\u1265\u12a3\u12cd\u1290\u1275 \u12a3\u12ed\u1295\u1290\u133d\u130e\u1295 \u12a2\u1293\u1364<br>\u1265\u1235\u122b\u1215 \u12a5\u1295\u1290\u1265\u122d \u1230\u1263\u1275 \u12a2\u1293\u1362<br><br>\u130d\u122d\u121d \u12a5\u12e9 \u1218\u12f5\u1228\u12bd \u1275\u12cd\u134a\u1275\u1363 \u12c8\u1290\u1295\u1272 \u12d8\u12b9\u122d\u12d5 \u1245\u122d\u1232\u1363<br>\u1270\u1348\u1325\u122e\u12a3\u12ca \u1338\u130b \u12a3\u12f0 \u1305\u130d\u1293 \u1205\u12dd\u1262\u1362<br>\u12ad\u1295\u12a8\u120b\u12b8\u1208\u12a9\u121d \u12a2\u1293 &#8211; \u130d\u12f4\u1273 \u12a3\u1208\u1293\u1364<br>\u12a2\u1275\u12ee\u1335\u12eb\u1293 \u1295\u1260\u122d! \u1265\u12a3\u12bb \u12f5\u121b \u1295\u1215\u1260\u1295!<\/td><td>Respect for citizenship is strong in our Ethiopia;<br>National pride is seen, shining from one side to another.<br><br>For peace, for justice, for the freedom of peoples,<br>In equality and in love we stand united.<br>Firm of foundation, we do not dismiss humanness;<br>We are people who live through work.<br><br>Wonderful is the stage of tradition, owners of a proud heritage,<br>Natural grace, mother of a valorous people.<br>We shall protect you \u2013 we have a duty;<br>Our Ethiopia, live! And let us be proud of you!<\/td><\/tr><\/tbody><\/table><\/figure>\n","protected":false},"excerpt":{"rendered":"<p>Amharic&nbsp;original (Ge&#8217;ez script)[3][4] Transliteration[5] IPA&nbsp;transcription[a] Oromo translation Tigrinya translation English translation[6] \u12e8\u12dc\u130d\u1290\u1275 \u1361 \u12ad\u1265\u122d \u1361 \u1260\u12a2\u1275\u12ee\u1335\u12eb\u127d\u1295 \u1361 \u1338\u1295\u1276 \u1363\u1273\u12e8 \u1361 \u1215\u12dd\u1263\u12ca\u1290\u1275 \u1361 \u12f3\u122d \u1361 \u12a5\u1235\u12a8\u12f3\u122d \u1361 \u1260\u122d\u1276 \u1362 \u1208\u1230\u120b\u121d \u1363 \u1208\u134d\u1245\u122d \u1363 \u1208\u1215\u12dd\u1266\u127d \u1361 \u1290\u133b\u1290\u1275 \u1363\u1260\u12a5\u12a9\u120d\u1290\u1275 \u1361 \u1260\u134d\u1245\u122d \u1361 \u1246\u1218\u1293\u120d \u1361 \u1263\u1295\u12f5\u1290\u1275 \u1362\u1218\u1220\u1228\u1270 \u1361 \u133d\u1291 \u1361 \u1230\u1265\u12a5\u1293\u1295 \u1361 \u12eb\u120d\u123b\u122d\u1295 \u1363\u1215\u12dd\u1266\u127d \u1361 \u1290\u1295 \u1361 \u1208\u1225\u122b \u1361&hellip;<\/p>\n","protected":false},"author":1,"featured_media":0,"parent":366,"menu_order":0,"comment_status":"closed","ping_status":"closed","template":"fullwidth.php","meta":{"footnotes":""},"class_list":["post-409","page","type-page","status-publish","hentry"],"_links":{"self":[{"href":"https:\/\/www.sadeora.com\/sky_dome\/the-future-planet\/wp-json\/wp\/v2\/pages\/409","targetHints":{"allow":["GET"]}}],"collection":[{"href":"https:\/\/www.sadeora.com\/sky_dome\/the-future-planet\/wp-json\/wp\/v2\/pages"}],"about":[{"href":"https:\/\/www.sadeora.com\/sky_dome\/the-future-planet\/wp-json\/wp\/v2\/types\/page"}],"author":[{"embeddable":true,"href":"https:\/\/www.sadeora.com\/sky_dome\/the-future-planet\/wp-json\/wp\/v2\/users\/1"}],"replies":[{"embeddable":true,"href":"https:\/\/www.sadeora.com\/sky_dome\/the-future-planet\/wp-json\/wp\/v2\/comments?post=409"}],"version-history":[{"count":0,"href":"https:\/\/www.sadeora.com\/sky_dome\/the-future-planet\/wp-json\/wp\/v2\/pages\/409\/revisions"}],"up":[{"embeddable":true,"href":"https:\/\/www.sadeora.com\/sky_dome\/the-future-planet\/wp-json\/wp\/v2\/pages\/366"}],"wp:attachment":[{"href":"https:\/\/www.sadeora.com\/sky_dome\/the-future-planet\/wp-json\/wp\/v2\/media?parent=409"}],"curies":[{"name":"wp","href":"https:\/\/api.w.org\/{rel}","templated":true}]}}