{"id":1350,"date":"2021-06-06T02:26:49","date_gmt":"2021-06-06T07:26:49","guid":{"rendered":"https:\/\/www.sadeora.com\/sky_dome\/the-future-planet\/?page_id=1350"},"modified":"2024-08-29T05:56:22","modified_gmt":"2024-08-29T10:56:22","slug":"french-polynesia","status":"publish","type":"page","link":"https:\/\/www.sadeora.com\/sky_dome\/the-future-planet\/felicitation-centers\/french-polynesia\/","title":{"rendered":"French Polynesia"},"content":{"rendered":"\n<p><\/p>\n\n\n\n<figure class=\"wp-block-audio\"><audio controls src=\"https:\/\/www.sadeora.com\/sky_dome\/the-future-planet\/wp-content\/uploads\/2024\/08\/Ia_Ora_O_Tahiti_Nui.ogg\"><\/audio><\/figure>\n\n\n\n<p><\/p>\n\n\n\n<figure class=\"wp-block-table\"><table class=\"has-fixed-layout\"><tbody><tr><th>Tahitian original<sup><a href=\"https:\/\/en.wikipedia.org\/wiki\/Ia_Ora_%27O_Tahiti_Nui#cite_note-2\">[2]<\/a><\/sup><\/th><th><a href=\"https:\/\/en.wikipedia.org\/wiki\/International_Phonetic_Alphabet\">IPA<\/a>&nbsp;transcription<sup><a href=\"https:\/\/en.wikipedia.org\/wiki\/Ia_Ora_%27O_Tahiti_Nui#cite_note-3\">[a]<\/a><\/sup><\/th><th>French translation<\/th><th>English translation<\/th><\/tr><tr><td>\ud834\udd06 \u02bbUa rahu te Atua (i) t\u014d\u02bbu \u02bb\u0101i\u02bba<br>Hono no\u02bbano\u02bba o te motu rau<br>Heihei i te pua ri\u02bbi au \u0113<br>E firi nape m\u014drohi \u02bbore<br>\u02bbO t\u0101\u02bbu \u012ba e fa\u02bbateniteni nei \ud834\udd07<br><br>\ud834\udd06 T\u0113 t\u016boro nei te reo here<br>O te huia<br>\u02bbA hi\u02bbi t\u014d aroha<br>\u02bbIa ora \u02bbo Tahiti Nui \u0113 \ud834\udd07<\/td><td>\ud834\udd06 [\u0294u.a ra.hu te a.tu.a i to\u02d0.\u0294u \u0294a\u02d0.i.\u0294a]<br>[ho.no no.\u0294a.no.\u0294a o te mo.tu rau\u032f]<br>[he.i.hei\u032f i te pu.a ri.\u0294i au\u032f e\u02d0]<br>[e fi.ri na.pe mo\u02d0.ro.hi \u0294o.re]<br>[\u0294o ta\u02d0.\u0294u i\u02d0.a e fa.\u0294a.te.ni.te.ni nei\u032f] \ud834\udd07<br><br>\ud834\udd06 [te\u02d0 tu\u02d0.o.ro nei\u032f te re.o he.re]<br>[o te hu.i.a]<br>[\u0294a hi.\u0294i to\u02d0 a.ro.ha]<br>[\u0294i\u032fa o.ra \u0294o ta.hi.ti nu.i e\u02d0] \ud834\udd07<\/td><td>\ud834\udd06 Mon pays est n\u00e9 de Dieu<br>Collier d\u2019\u00eeles multiples<br>Aux d\u00e9licates senteurs<br>Reli\u00e9es d\u2019une tresse immortelle<br>Aujourd\u2019hui je te loue \ud834\udd07<br><br>\ud834\udd06 Voici que s\u2019\u00e9l\u00e8ve la voix<br>De tes enfants<br>R\u00e9pands ton amour<br>Pour que vive Tahiti Nui \ud834\udd07<\/td><td>\ud834\udd06 My country is born of God<br>Multiple islands\u2019 necklace<br>With delicate fragrances<br>Tied with an immortal braid<br>Today I honor you \ud834\udd07<br><br>\ud834\udd06 Here is the rising voice<br>From your children<br>Spread your love<br>For Tahiti Nui to live \ud834\udd07<\/td><\/tr><\/tbody><\/table><\/figure>\n","protected":false},"excerpt":{"rendered":"<p>Tahitian original[2] IPA&nbsp;transcription[a] French translation English translation \ud834\udd06 \u02bbUa rahu te Atua (i) t\u014d\u02bbu \u02bb\u0101i\u02bbaHono no\u02bbano\u02bba o te motu rauHeihei i te pua ri\u02bbi au \u0113E firi nape m\u014drohi \u02bbore\u02bbO t\u0101\u02bbu \u012ba e fa\u02bbateniteni nei \ud834\udd07 \ud834\udd06 T\u0113 t\u016boro nei te reo hereO te huia\u02bbA hi\u02bbi t\u014d aroha\u02bbIa ora \u02bbo Tahiti Nui \u0113 \ud834\udd07 \ud834\udd06&hellip;<\/p>\n","protected":false},"author":1,"featured_media":0,"parent":366,"menu_order":0,"comment_status":"closed","ping_status":"closed","template":"","meta":{"footnotes":""},"class_list":["post-1350","page","type-page","status-publish","hentry"],"_links":{"self":[{"href":"https:\/\/www.sadeora.com\/sky_dome\/the-future-planet\/wp-json\/wp\/v2\/pages\/1350","targetHints":{"allow":["GET"]}}],"collection":[{"href":"https:\/\/www.sadeora.com\/sky_dome\/the-future-planet\/wp-json\/wp\/v2\/pages"}],"about":[{"href":"https:\/\/www.sadeora.com\/sky_dome\/the-future-planet\/wp-json\/wp\/v2\/types\/page"}],"author":[{"embeddable":true,"href":"https:\/\/www.sadeora.com\/sky_dome\/the-future-planet\/wp-json\/wp\/v2\/users\/1"}],"replies":[{"embeddable":true,"href":"https:\/\/www.sadeora.com\/sky_dome\/the-future-planet\/wp-json\/wp\/v2\/comments?post=1350"}],"version-history":[{"count":0,"href":"https:\/\/www.sadeora.com\/sky_dome\/the-future-planet\/wp-json\/wp\/v2\/pages\/1350\/revisions"}],"up":[{"embeddable":true,"href":"https:\/\/www.sadeora.com\/sky_dome\/the-future-planet\/wp-json\/wp\/v2\/pages\/366"}],"wp:attachment":[{"href":"https:\/\/www.sadeora.com\/sky_dome\/the-future-planet\/wp-json\/wp\/v2\/media?parent=1350"}],"curies":[{"name":"wp","href":"https:\/\/api.w.org\/{rel}","templated":true}]}}