{"id":1335,"date":"2021-06-06T02:11:04","date_gmt":"2021-06-06T07:11:04","guid":{"rendered":"https:\/\/www.sadeora.com\/sky_dome\/the-future-planet\/?page_id=1335"},"modified":"2024-08-30T00:42:43","modified_gmt":"2024-08-30T05:42:43","slug":"grenada","status":"publish","type":"page","link":"https:\/\/www.sadeora.com\/sky_dome\/the-future-planet\/felicitation-centers\/grenada\/","title":{"rendered":"Grenada"},"content":{"rendered":"\n<p><\/p>\n\n\n\n<figure class=\"wp-block-audio\"><audio controls src=\"https:\/\/www.sadeora.com\/sky_dome\/the-future-planet\/wp-content\/uploads\/2024\/08\/HailGrenada.ogg\"><\/audio><\/figure>\n\n\n\n<p><\/p>\n\n\n\n<figure class=\"wp-block-table\"><table class=\"has-fixed-layout\"><tbody><tr><th>English lyrics<sup><a href=\"https:\/\/en.wikipedia.org\/wiki\/Hail_Grenada#cite_note-4\">[4]<\/a><\/sup><sup><a href=\"https:\/\/en.wikipedia.org\/wiki\/Hail_Grenada#cite_note-5\">[5]<\/a><\/sup><sup><a href=\"https:\/\/en.wikipedia.org\/wiki\/Hail_Grenada#cite_note-Russia-6\">[6]<\/a><\/sup><\/th><th><a href=\"https:\/\/en.wikipedia.org\/wiki\/Grenadian_Creole_French\">Grenadian Creole French<\/a>&nbsp;lyrics<sup><a href=\"https:\/\/en.wikipedia.org\/wiki\/Hail_Grenada#cite_note-Russia-6\">[6]<\/a><\/sup><\/th><\/tr><tr><td>Hail!&nbsp;<a href=\"https:\/\/en.wikipedia.org\/wiki\/Grenada\">Grenada<\/a>, land of ours,<br><a href=\"https:\/\/en.wikipedia.org\/wiki\/Grenadian_people\">We<\/a>&nbsp;pledge ourselves to thee,<br>Heads, hearts and hands in unity<br>To reach our destiny.<br>Ever conscious of&nbsp;<a href=\"https:\/\/en.wikipedia.org\/wiki\/Christian_God\">God<\/a>,<br>Being proud of our heritage,<br>May we with&nbsp;<a href=\"https:\/\/en.wikipedia.org\/wiki\/Faith\">faith<\/a>&nbsp;and&nbsp;<a href=\"https:\/\/en.wikipedia.org\/wiki\/Courage\">courage<\/a><br>Aspire, build, advance<br>As one people, one family.<br>God bless our nation.<\/td><td>H\u00e9l\u00e9 la Gwinad te annou<br>Nou pl\u00e9j\u00e9 ko an nou pou ou<br>Tet, tje e lanmen an younit\u00e9<br>Pou wiv\u00e9 d\u00e9stinasyon nou<br>Toujou kon\u00e9sas an Dj\u00e9<br>Pw\u00e9j\u00e9 H\u00e9witaj an Nou<br>S\u00e9 pou nou an lafwa eve kouwaj<br>Anspiw\u00e9, bati, avans\u00e9<br>Kon yonn sel moun, yonn sel fanmi<br>Dj\u00e9 benni nasyon annou<\/td><\/tr><\/tbody><\/table><\/figure>\n","protected":false},"excerpt":{"rendered":"<p>English lyrics[4][5][6] Grenadian Creole French&nbsp;lyrics[6] Hail!&nbsp;Grenada, land of ours,We&nbsp;pledge ourselves to thee,Heads, hearts and hands in unityTo reach our destiny.Ever conscious of&nbsp;God,Being proud of our heritage,May we with&nbsp;faith&nbsp;and&nbsp;courageAspire, build, advanceAs one people, one family.God bless our nation. H\u00e9l\u00e9 la Gwinad te annouNou pl\u00e9j\u00e9 ko an nou pou ouTet, tje e lanmen an younit\u00e9Pou wiv\u00e9 d\u00e9stinasyon&hellip;<\/p>\n","protected":false},"author":1,"featured_media":0,"parent":366,"menu_order":0,"comment_status":"closed","ping_status":"closed","template":"","meta":{"footnotes":""},"class_list":["post-1335","page","type-page","status-publish","hentry"],"_links":{"self":[{"href":"https:\/\/www.sadeora.com\/sky_dome\/the-future-planet\/wp-json\/wp\/v2\/pages\/1335","targetHints":{"allow":["GET"]}}],"collection":[{"href":"https:\/\/www.sadeora.com\/sky_dome\/the-future-planet\/wp-json\/wp\/v2\/pages"}],"about":[{"href":"https:\/\/www.sadeora.com\/sky_dome\/the-future-planet\/wp-json\/wp\/v2\/types\/page"}],"author":[{"embeddable":true,"href":"https:\/\/www.sadeora.com\/sky_dome\/the-future-planet\/wp-json\/wp\/v2\/users\/1"}],"replies":[{"embeddable":true,"href":"https:\/\/www.sadeora.com\/sky_dome\/the-future-planet\/wp-json\/wp\/v2\/comments?post=1335"}],"version-history":[{"count":0,"href":"https:\/\/www.sadeora.com\/sky_dome\/the-future-planet\/wp-json\/wp\/v2\/pages\/1335\/revisions"}],"up":[{"embeddable":true,"href":"https:\/\/www.sadeora.com\/sky_dome\/the-future-planet\/wp-json\/wp\/v2\/pages\/366"}],"wp:attachment":[{"href":"https:\/\/www.sadeora.com\/sky_dome\/the-future-planet\/wp-json\/wp\/v2\/media?parent=1335"}],"curies":[{"name":"wp","href":"https:\/\/api.w.org\/{rel}","templated":true}]}}