{"id":1327,"date":"2021-06-06T02:05:14","date_gmt":"2021-06-06T07:05:14","guid":{"rendered":"https:\/\/www.sadeora.com\/sky_dome\/the-future-planet\/?page_id=1327"},"modified":"2024-08-30T00:57:19","modified_gmt":"2024-08-30T05:57:19","slug":"guernsey","status":"publish","type":"page","link":"https:\/\/www.sadeora.com\/sky_dome\/the-future-planet\/felicitation-centers\/guernsey\/","title":{"rendered":"Guernsey"},"content":{"rendered":"\n<p><\/p>\n\n\n\n<p><\/p>\n\n\n\n<figure class=\"wp-block-table\"><table class=\"has-fixed-layout\"><tbody><tr><th>English version<sup><a href=\"https:\/\/en.wikipedia.org\/wiki\/Sarnia_Cherie#cite_note-Johnson-1\">[1]<\/a><\/sup><sup><a href=\"https:\/\/en.wikipedia.org\/wiki\/Sarnia_Cherie#cite_note-:0-3\">[3]<\/a><\/sup><sup><a href=\"https:\/\/en.wikipedia.org\/wiki\/Sarnia_Cherie#cite_note-:1-6\">[6]<\/a><\/sup><\/th><th><a href=\"https:\/\/en.wikipedia.org\/wiki\/Guern%C3%A9siais\">Guern\u00e9siais<\/a>&nbsp;version<sup><a href=\"https:\/\/en.wikipedia.org\/wiki\/Sarnia_Cherie#cite_note-Johnson-1\">[1]<\/a><\/sup><\/th><\/tr><tr><td><strong>I<\/strong><br>Sarnia; dear Homeland, Gem of the sea.<br>Island of beauty, my heart longs for thee.<br>Thy voice calls me ever, in waking, or sleep,<br>Till my soul cries with anguish, my eyes ache to weep.<br>In fancy I see thee, again as of yore,<br>Thy verdure clad hills and thy wave beaten shore.<br>Thy rock sheltered bays, ah; of all thou art best,<br>I&#8217;m returning to greet thee, dear island of rest.<br><br><strong>Chorus:<\/strong><br>Sarnia Cherie. Gem of the sea.<br>Home of my childhood, my heart longs for thee.<br>Thy voice calls me ever, forget thee I&#8217;ll never,<br>Island of beauty. Sarnia Cherie.<br><br><strong>II<\/strong><br>I left thee in anger, I knew not thy worth.<br>Journeyed afar, to the ends of the earth.<br>Was told of far countries, the heav&#8217;n of the bold,<br>Where the soil gave up diamonds, silver and gold.<br>The sun always shone, and &#8220;race&#8221; took no part,<br>But thy cry always reached me, its pain wrenched my heart.<br>So I&#8217;m coming home, thou of all art the best.<br>Returning to greet thee, dear island of rest.<br><br>\ud834\udd06&nbsp;<em><strong>Chorus<\/strong><\/em>&nbsp;\ud834\udd07<\/td><td><strong>I<\/strong><br>Sarnia, chi\u00e8re patrie, bijou d&#8217;la ma\u00efr,<br>Ile plloinne d\u00e9 biautai, dans d&#8217;iaoue si cllaire<br>Ta vouaix m&#8217;appeule terjous, mon tcheur plloin d&#8217;envie,<br>Et mon \u00e2me t\u00e9 crie en poine, mes iars voudraient t&#8217;veis.<br>Quaend j&#8217;saonge, j&#8217;t\u00e9 vaie derchier, mesme comme t&#8217;\u00e9tais d&#8217;v\u00e0nt,<br>Tes c\u00f4tis si vaerts et ton sabllaon si bll\u00e0nc,<br>Tes b\u00e0nques et tes rotchets. Ah! D\u00e9 toutes la pus belle.<br>Mon r\u00e9fuge et mon r&#8217;pos, chi\u00e8re \u00eele qu&#8217;est si belle.<br><br><strong>Chorus:<\/strong><br>Sarnia Ch\u00e9rie, ma chi\u00e8re patrie,<br>D&#8217;l&#8217;\u00eele d\u00e9 ma n\u00e8issance, mon tcheur a envie<br>Ta vouaix m&#8217;appeule terjours, et j&#8217;pense \u00e0 t\u00e9 chaque jour.<br>Ile plloinne d\u00e9 biautai, Sarnia Ch\u00e9rie.<br><br><strong>II<\/strong><br>S\u00e0ns saver ta valeur, j&#8217;m&#8217;en fus en col\u00e8re,<br>Je v&#8217;yagis si llian, \u00e0 l&#8217;aute but d\u00e9 la terre.<br>I m&#8217;dirent d\u00e9 biaux pays, et j&#8217;m&#8217;en fus br\u00e2ment<br>Oueque la terre baillait \u00e0 haut d&#8217;l&#8217;or et d\u00e9 l&#8217;argent.<br>Nous &#8216;tait tous amis et i fit bal chaque jeur,<br>Mais ta vouaix m&#8217;applait terjours, a m&#8217;d\u00e9teurtait l&#8217;tcheur.<br>Ch&#8217;est pourtchi qu\u00e9 j&#8217;m&#8217;en vians. Ah! t\u00e9 veis, la millaeure.<br>Ma chi\u00e8re \u00eele d\u00e9 r\u00e9pos, d\u00e9 chenna j&#8217;sis saeure.<br><br>\ud834\udd06&nbsp;<em><strong>Chorus<\/strong><\/em>&nbsp;\ud834\udd07<\/td><\/tr><\/tbody><\/table><\/figure>\n\n\n\n<p><\/p>\n","protected":false},"excerpt":{"rendered":"<p>English version[1][3][6] Guern\u00e9siais&nbsp;version[1] ISarnia; dear Homeland, Gem of the sea.Island of beauty, my heart longs for thee.Thy voice calls me ever, in waking, or sleep,Till my soul cries with anguish, my eyes ache to weep.In fancy I see thee, again as of yore,Thy verdure clad hills and thy wave beaten shore.Thy rock sheltered bays, ah;&hellip;<\/p>\n","protected":false},"author":1,"featured_media":0,"parent":366,"menu_order":0,"comment_status":"closed","ping_status":"closed","template":"","meta":{"footnotes":""},"class_list":["post-1327","page","type-page","status-publish","hentry"],"_links":{"self":[{"href":"https:\/\/www.sadeora.com\/sky_dome\/the-future-planet\/wp-json\/wp\/v2\/pages\/1327","targetHints":{"allow":["GET"]}}],"collection":[{"href":"https:\/\/www.sadeora.com\/sky_dome\/the-future-planet\/wp-json\/wp\/v2\/pages"}],"about":[{"href":"https:\/\/www.sadeora.com\/sky_dome\/the-future-planet\/wp-json\/wp\/v2\/types\/page"}],"author":[{"embeddable":true,"href":"https:\/\/www.sadeora.com\/sky_dome\/the-future-planet\/wp-json\/wp\/v2\/users\/1"}],"replies":[{"embeddable":true,"href":"https:\/\/www.sadeora.com\/sky_dome\/the-future-planet\/wp-json\/wp\/v2\/comments?post=1327"}],"version-history":[{"count":0,"href":"https:\/\/www.sadeora.com\/sky_dome\/the-future-planet\/wp-json\/wp\/v2\/pages\/1327\/revisions"}],"up":[{"embeddable":true,"href":"https:\/\/www.sadeora.com\/sky_dome\/the-future-planet\/wp-json\/wp\/v2\/pages\/366"}],"wp:attachment":[{"href":"https:\/\/www.sadeora.com\/sky_dome\/the-future-planet\/wp-json\/wp\/v2\/media?parent=1327"}],"curies":[{"name":"wp","href":"https:\/\/api.w.org\/{rel}","templated":true}]}}