{"id":1276,"date":"2021-06-06T01:27:48","date_gmt":"2021-06-06T06:27:48","guid":{"rendered":"https:\/\/www.sadeora.com\/sky_dome\/the-future-planet\/?page_id=1276"},"modified":"2024-09-02T02:34:21","modified_gmt":"2024-09-02T07:34:21","slug":"malawi","status":"publish","type":"page","link":"https:\/\/www.sadeora.com\/sky_dome\/the-future-planet\/felicitation-centers\/malawi\/","title":{"rendered":"Malawi"},"content":{"rendered":"\n<p><\/p>\n\n\n\n<figure class=\"wp-block-audio\"><audio controls src=\"https:\/\/www.sadeora.com\/sky_dome\/the-future-planet\/wp-content\/uploads\/2024\/09\/Malawian_national_anthem.oga\"><\/audio><\/figure>\n\n\n\n<p><\/p>\n\n\n\n<figure class=\"wp-block-table\"><table class=\"has-fixed-layout\"><tbody><tr><th><a href=\"https:\/\/en.wikipedia.org\/wiki\/Chiche%C5%B5a\">Chiche\u0175a<\/a>&nbsp;lyrics<sup><a href=\"https:\/\/en.wikipedia.org\/wiki\/Mlungu_dalitsani_Mala%C5%B5i#cite_note-7\">[7]<\/a><\/sup><sup><a href=\"https:\/\/en.wikipedia.org\/wiki\/Mlungu_dalitsani_Mala%C5%B5i#cite_note-8\">[8]<\/a><\/sup><\/th><th>Chiche\u0175a&nbsp;<a href=\"https:\/\/en.wikipedia.org\/wiki\/International_Phonetic_Alphabet\">IPA<\/a>&nbsp;transcription<sup><a href=\"https:\/\/en.wikipedia.org\/wiki\/Mlungu_dalitsani_Mala%C5%B5i#cite_note-9\">[a]<\/a><\/sup><\/th><th><a href=\"https:\/\/en.wikipedia.org\/wiki\/ChiTumbuka\">ChiTumbuka<\/a>&nbsp;lyrics<sup><a href=\"https:\/\/en.wikipedia.org\/wiki\/Mlungu_dalitsani_Mala%C5%B5i#cite_note-10\">[9]<\/a><\/sup><sup><a href=\"https:\/\/en.wikipedia.org\/wiki\/Mlungu_dalitsani_Mala%C5%B5i#cite_note-11\">[10]<\/a><\/sup><\/th><th>English lyrics<sup><a href=\"https:\/\/en.wikipedia.org\/wiki\/Mlungu_dalitsani_Mala%C5%B5i#cite_note-12\">[11]<\/a><\/sup><sup><a href=\"https:\/\/en.wikipedia.org\/wiki\/Mlungu_dalitsani_Mala%C5%B5i#cite_note-13\">[12]<\/a><\/sup><sup><a href=\"https:\/\/en.wikipedia.org\/wiki\/Mlungu_dalitsani_Mala%C5%B5i#cite_note-14\">[13]<\/a><\/sup><\/th><\/tr><tr><td><strong>I<\/strong><br>Mlungu dalitsani Mala\u0175i,<br>Mumsunge m&#8217;mtendere.<br>Gonjetsani adani onse,<br>Njala, nthenda, nsanje.<br>Lunzitsani mitima yathu,<br>Kuti tisaope.<br>Mdalitse Mtsogoleri nafe,<br>Ndi Mayi Mala\u0175i.<br><br><strong>II<\/strong><br>Mala\u0175i ndziko lokongola,<br>La chonde ndi ufulu,<br>Nyanja ndi mphepo ya m&#8217;mapiri,<br>Ndithudi tadala.<br>Zigwa, mapiri, nthaka, dzinthu,<br>N&#8217;mphatso zaulere.<br>Nkhalango, madambo abwino.<br>Ngwokoma Mala\u0175i.<br><br><strong>III<\/strong><br>O Ufulu tigwirizane,<br>Kukweza Mala\u0175i.<br>Ndi chikondi, khama, kumvera,<br>Timutumikire.<br>Pa nkhondo nkana pa mtendere,<br>Cholinga n&#8217;chimodzi.<br>Mayi, bambo, tidzipereke,<br>Pokweza Mala\u0175i.<\/td><td><strong>1<\/strong><br>[m\u027du.\u1d51\u0261u \u0257a.\u027di.t\u0361sa.ni ma.\u027da.\u03b2i]<br>[mu.su.\u1d51\u0261\u025b\u203fm.mt\u025b.\u207fd\u025b.\u027d\u025b]<br>[g\u0254.\u207fd\u0361\u0292\u025b.t\u0361sa.ni a.\u0257a.ni \u0254.\u207fs\u025b]<br>[\u207fd\u0361\u0292a.\u027da \u207ft\u02b0\u025b.\u207fda \u207fsa.\u207fd\u0361\u0292\u025b]<br>[\u027du.\u207fzi.t\u0361sa.ni mi.ti.ma ja.t\u02b0u]<br>[ku.ti ti.sa.\u0254.p\u025b]<br>[m\u0257a.\u027di.t\u0361s\u025b mt\u0361s\u0254.g\u0254.\u027d\u025b.\u027di na.f\u025b]<br>[\u207fdi ma.ji ma.\u027da.\u03b2i]<br><br><strong>2<\/strong><br>[ma.\u027da.\u03b2i \u207fd\u0361zi.k\u0254 \u027d\u0254.k\u0254.\u1d51\u0261\u0254.\u027da]<br>[\u027da t\u0361\u0283\u0254.\u207fd\u025b \u207fdi u.fu.\u027du]<br>[n\u02b2a.\u207fd\u0361\u0292a \u207fdi \u1d50p\u02b0\u025b.p\u0254 ja\u203fm.ma.pi.\u027di]<br>[\u207fdi.t\u02b0u.\u0257i ta.\u0257a.\u027da]<br>[zi.g\u02b7a ma.pi.\u027di \u207ft\u02b0a.ka d\u0361zi.\u207ft\u02b0u]<br>[n\u1d50p\u02b0a.t\u0361s\u0254 za.u.\u027d\u025b.\u027d\u025b]<br>[\u1d51k\u02b0a.\u027da.\u1d51\u0261\u0254 ma.da.\u1d50b\u0254 a\u0253\u02b7i.n\u0254]<br>[\u1d51g\u02b7\u0254.k\u0254.ma ma.\u027da.\u03b2i]<br><br><strong>3<\/strong><br>[\u0254 u.fu.\u027du ti.g\u02b7i.\u027di.za.n\u025b]<br>[ku.k\u02b7\u025b.za ma.\u027da.\u03b2i]<br>[\u207fdi t\u0361\u0283i.k\u0254.\u207fdi k\u02b0a.ma ku.mv\u025b.\u027da]<br>[ti.mu.tu.mi.ki.\u027d\u025b]<br>[pa \u1d51k\u02b0\u0254.\u207fd\u0254 \u1d51ka.na pa\u203fm.t\u025b.\u207fd\u025b.\u027d\u025b]<br>[t\u0361\u0283\u0254.\u027di.\u1d51\u0261a\u203fn.t\u0361\u0283i.m\u0254.d\u0361zi]<br>[ma.ji ba.\u1d50b\u0254 ti.d\u0361zi.p\u025b.\u027d\u025b.k\u025b]<br>[p\u0254.k\u02b7\u025b.za ma.\u027da.\u03b2i]<\/td><td><strong>I<\/strong><br>Chiuta watumbike Mala\u0175i,<br>Mupani mtende.<br>Mutonde \u0175alwani \u0175inu wose,<br>Njara, matenda, na sanji.<br>Nozgekerani mitima yithu,<br>Kuti tileke kopa.<br>Mutumbikani Mulongozgi withu pamoza na ise,<br>Mwanakazi uyu waka\u0175a wa ku Malawi.<br><br><strong>II<\/strong><br>Mala\u0175i ni caru cakutowa comene.<br>Ku\u0175a wakufwatuka,<br>Nyanja na mphepo za mu mapiri,<br>Nakuti ndimo viliri nadi.<br>Vili\u0175a, mapiri, malo, vinthu,<br>Ni vyawanangwa.<br>Nkhorongo, malo ghawemi ghakuliskako vi\u0175eto.<br>Malawi ni malo ghawemi comene.<br><br><strong>III<\/strong><br>O wanangwa tiye tiwunganenge,<br>Kukwezga Mala\u0175i.<br>Mwa kutemwa, kulimbikira, kupulikira,<br>Mute\u0175eterani.<br>Mu nyengo ya nkhondo na mtende wuwo,<br>Pali cilato cimoza.<br>Amama, adada, tiyeni tijipeleke,<br>Kuwuska Mala\u0175i.<\/td><td><strong>I<\/strong><br>O God bless our land of&nbsp;<a href=\"https:\/\/en.wikipedia.org\/wiki\/Malawi\">Malawi<\/a>,<br>Keep it a land of peace.<br>Put down each and every enemy,<br>Hunger, disease, envy.<br>Join together all our hearts as one,<br>That we be free from fear.<br>Bless&nbsp;<a href=\"https:\/\/en.wikipedia.org\/wiki\/President_of_Malawi\">our leader<\/a>, each and every one,<br>And Mother Malawi.<br><br><strong>II<\/strong><br>Our own Malawi, this land so fair,<br>Fertile and brave and free.<br>With its lakes, refreshing mountain air,<br>How greatly blest are we.<br>Hills and valleys, soil so rich and rare<br>Give us a bounty free.<br>Wood and forest, plains so broad and fair,<br>All &#8211; beauteous Malawi.<br><br><strong>III<\/strong><br>Freedom ever, let us all unite<br>To build up Malawi.<br>With our love, our zeal and loyalty,<br>Bringing our best to her.<br>In time of war, or in time of peace,<br>One purpose and one goal.<br>Men and women serving selflessly<br>In building Malawi.<\/td><\/tr><\/tbody><\/table><\/figure>\n","protected":false},"excerpt":{"rendered":"<p>Chiche\u0175a&nbsp;lyrics[7][8] Chiche\u0175a&nbsp;IPA&nbsp;transcription[a] ChiTumbuka&nbsp;lyrics[9][10] English lyrics[11][12][13] IMlungu dalitsani Mala\u0175i,Mumsunge m&#8217;mtendere.Gonjetsani adani onse,Njala, nthenda, nsanje.Lunzitsani mitima yathu,Kuti tisaope.Mdalitse Mtsogoleri nafe,Ndi Mayi Mala\u0175i. IIMala\u0175i ndziko lokongola,La chonde ndi ufulu,Nyanja ndi mphepo ya m&#8217;mapiri,Ndithudi tadala.Zigwa, mapiri, nthaka, dzinthu,N&#8217;mphatso zaulere.Nkhalango, madambo abwino.Ngwokoma Mala\u0175i. IIIO Ufulu tigwirizane,Kukweza Mala\u0175i.Ndi chikondi, khama, kumvera,Timutumikire.Pa nkhondo nkana pa mtendere,Cholinga n&#8217;chimodzi.Mayi, bambo, tidzipereke,Pokweza Mala\u0175i. 1[m\u027du.\u1d51\u0261u \u0257a.\u027di.t\u0361sa.ni&hellip;<\/p>\n","protected":false},"author":1,"featured_media":0,"parent":366,"menu_order":0,"comment_status":"closed","ping_status":"closed","template":"","meta":{"footnotes":""},"class_list":["post-1276","page","type-page","status-publish","hentry"],"_links":{"self":[{"href":"https:\/\/www.sadeora.com\/sky_dome\/the-future-planet\/wp-json\/wp\/v2\/pages\/1276","targetHints":{"allow":["GET"]}}],"collection":[{"href":"https:\/\/www.sadeora.com\/sky_dome\/the-future-planet\/wp-json\/wp\/v2\/pages"}],"about":[{"href":"https:\/\/www.sadeora.com\/sky_dome\/the-future-planet\/wp-json\/wp\/v2\/types\/page"}],"author":[{"embeddable":true,"href":"https:\/\/www.sadeora.com\/sky_dome\/the-future-planet\/wp-json\/wp\/v2\/users\/1"}],"replies":[{"embeddable":true,"href":"https:\/\/www.sadeora.com\/sky_dome\/the-future-planet\/wp-json\/wp\/v2\/comments?post=1276"}],"version-history":[{"count":0,"href":"https:\/\/www.sadeora.com\/sky_dome\/the-future-planet\/wp-json\/wp\/v2\/pages\/1276\/revisions"}],"up":[{"embeddable":true,"href":"https:\/\/www.sadeora.com\/sky_dome\/the-future-planet\/wp-json\/wp\/v2\/pages\/366"}],"wp:attachment":[{"href":"https:\/\/www.sadeora.com\/sky_dome\/the-future-planet\/wp-json\/wp\/v2\/media?parent=1276"}],"curies":[{"name":"wp","href":"https:\/\/api.w.org\/{rel}","templated":true}]}}